{"id":97312,"date":"2022-05-12T18:29:43","date_gmt":"2022-05-12T16:29:43","guid":{"rendered":"https:\/\/cienfuegos.fr\/?post_type=product&#038;p=97312"},"modified":"2026-01-20T14:49:15","modified_gmt":"2026-01-20T13:49:15","slug":"poco-hombre-cronicas-escogidas","status":"publish","type":"product","link":"https:\/\/cienfuegos.fr\/index.php\/product\/poco-hombre-cronicas-escogidas\/","title":{"rendered":"Poco hombre. Cr\u00f3nicas escogidas"},"content":{"rendered":"","protected":false},"excerpt":{"rendered":"<p>T\u00edtulo: Poco hombre. Cr\u00f3nicas escogidas<\/p>\n<p>Autor: Pedro Lemebel<\/p>\n<p>Editorial: Ediciones Diego Portales<\/p>\n<p>&nbsp;<\/p>\n","protected":false},"featured_media":97313,"comment_status":"open","ping_status":"closed","template":"","meta":[],"class_list":{"0":"post-97312","1":"product","2":"type-product","3":"status-publish","4":"has-post-thumbnail","6":"product_cat-uncategorized","7":"post","9":"first","10":"onbackorder","11":"taxable","12":"shipping-taxable","13":"purchasable","14":"product-type-simple"},"_links":{"self":[{"href":"https:\/\/cienfuegos.fr\/index.php\/wp-json\/wp\/v2\/product\/97312","targetHints":{"allow":["GET"]}}],"collection":[{"href":"https:\/\/cienfuegos.fr\/index.php\/wp-json\/wp\/v2\/product"}],"about":[{"href":"https:\/\/cienfuegos.fr\/index.php\/wp-json\/wp\/v2\/types\/product"}],"replies":[{"embeddable":true,"href":"https:\/\/cienfuegos.fr\/index.php\/wp-json\/wp\/v2\/comments?post=97312"}],"wp:featuredmedia":[{"embeddable":true,"href":"https:\/\/cienfuegos.fr\/index.php\/wp-json\/wp\/v2\/media\/97313"}],"wp:attachment":[{"href":"https:\/\/cienfuegos.fr\/index.php\/wp-json\/wp\/v2\/media?parent=97312"}],"curies":[{"name":"wp","href":"https:\/\/api.w.org\/{rel}","templated":true}]}}