{"id":97278,"date":"2022-05-12T17:13:39","date_gmt":"2022-05-12T15:13:39","guid":{"rendered":"https:\/\/cienfuegos.fr\/?post_type=product&#038;p=97278"},"modified":"2026-01-20T14:50:09","modified_gmt":"2026-01-20T13:50:09","slug":"zona-de-prologos","status":"publish","type":"product","link":"https:\/\/cienfuegos.fr\/index.php\/product\/zona-de-prologos\/","title":{"rendered":"Zona de pr\u00f3logos"},"content":{"rendered":"","protected":false},"excerpt":{"rendered":"<p>T\u00edtulo: Zona de pr\u00f3logos<\/p>\n<p>Autor: Paulo Ricci (comp.)<\/p>\n<p>Editorial: Seix Barral\/UNL<\/p>\n","protected":false},"featured_media":97279,"comment_status":"open","ping_status":"closed","template":"","meta":[],"class_list":{"0":"post-97278","1":"product","2":"type-product","3":"status-publish","4":"has-post-thumbnail","6":"product_cat-uncategorized","7":"post","9":"first","10":"onbackorder","11":"taxable","12":"shipping-taxable","13":"purchasable","14":"product-type-simple"},"_links":{"self":[{"href":"https:\/\/cienfuegos.fr\/index.php\/wp-json\/wp\/v2\/product\/97278","targetHints":{"allow":["GET"]}}],"collection":[{"href":"https:\/\/cienfuegos.fr\/index.php\/wp-json\/wp\/v2\/product"}],"about":[{"href":"https:\/\/cienfuegos.fr\/index.php\/wp-json\/wp\/v2\/types\/product"}],"replies":[{"embeddable":true,"href":"https:\/\/cienfuegos.fr\/index.php\/wp-json\/wp\/v2\/comments?post=97278"}],"wp:featuredmedia":[{"embeddable":true,"href":"https:\/\/cienfuegos.fr\/index.php\/wp-json\/wp\/v2\/media\/97279"}],"wp:attachment":[{"href":"https:\/\/cienfuegos.fr\/index.php\/wp-json\/wp\/v2\/media?parent=97278"}],"curies":[{"name":"wp","href":"https:\/\/api.w.org\/{rel}","templated":true}]}}