{"id":69091,"date":"2021-11-11T16:04:48","date_gmt":"2021-11-11T15:04:48","guid":{"rendered":"https:\/\/cienfuegos.fr\/?post_type=product&#038;p=69091"},"modified":"2022-09-08T14:39:08","modified_gmt":"2022-09-08T12:39:08","slug":"las-primas","status":"publish","type":"product","link":"https:\/\/cienfuegos.fr\/index.php\/product\/las-primas\/","title":{"rendered":"Las primas"},"content":{"rendered":"<p>T\u00edtulo: Las primas<\/p>\n<p>Autor: Aurora Venturini<\/p>\n<div class=\"frase-mkt\">\n<p>Obra fundamental\u00a0de una de las narradoras m\u00e1s interesantes de la literatura contempor\u00e1nea<\/p>\n<\/div>\n<p>Historia de iniciaci\u00f3n ambientada en unos equ\u00edvocos a\u00f1os 40 que despliega el mundo tortuoso de una familia disfuncional de clase media baja de la ciudad de La Plata: una casa sin hombres y llena de mujeres, todas minusv\u00e1lidas, con alguna deformidad f\u00edsica, mental o imaginaria. Una ni\u00f1a de doce a\u00f1os condenada al olvido, o incluso a un destino m\u00e1s cruel, sale adelante y se convierte en una pintora famosa. Las mitolog\u00edas del barrio, la familia, la sexualidad femenina y el ascenso social a trav\u00e9s de la pr\u00e1ctica de las Bellas Artes aparecen puestas en escena y desmenuzadas por la voz inconfundible de la narradora, Yuna, una primera persona que contempla el mundo con una mirada salvaje, a la vez c\u00e1ndida y brutal, perspicaz y ensimismada, y lo narra con una prosa que pone en peligro todas las convenciones del lenguaje literario. A mitad de camino entre la autobiograf\u00eda delirante y el ejercicio imp\u00fadico de la etnograf\u00eda \u00edn-tima, Las primas consagr\u00f3 a su autora, Aurora Venturini, como una de las narradoras m\u00e1s interesantes de la literatura argentina contempor\u00e1nea.<\/p>\n","protected":false},"excerpt":{"rendered":"<p>T\u00edtulo: Las primas Autor: Aurora Venturini Obra fundamental\u00a0de una de las narradoras m\u00e1s interesantes de la literatura contempor\u00e1nea Historia de iniciaci\u00f3n ambientada en unos equ\u00edvocos a\u00f1os 40 que despliega el mundo tortuoso de una familia disfuncional de clase media baja de la ciudad de La Plata: una casa sin hombres y llena de mujeres, todas&hellip;<\/p>\n","protected":false},"featured_media":69100,"comment_status":"open","ping_status":"closed","template":"","meta":[],"class_list":{"0":"post-69091","1":"product","2":"type-product","3":"status-publish","4":"has-post-thumbnail","6":"product_cat-narrativa","7":"post","9":"first","10":"onbackorder","11":"taxable","12":"shipping-taxable","13":"purchasable","14":"product-type-simple"},"_links":{"self":[{"href":"https:\/\/cienfuegos.fr\/index.php\/wp-json\/wp\/v2\/product\/69091","targetHints":{"allow":["GET"]}}],"collection":[{"href":"https:\/\/cienfuegos.fr\/index.php\/wp-json\/wp\/v2\/product"}],"about":[{"href":"https:\/\/cienfuegos.fr\/index.php\/wp-json\/wp\/v2\/types\/product"}],"replies":[{"embeddable":true,"href":"https:\/\/cienfuegos.fr\/index.php\/wp-json\/wp\/v2\/comments?post=69091"}],"wp:featuredmedia":[{"embeddable":true,"href":"https:\/\/cienfuegos.fr\/index.php\/wp-json\/wp\/v2\/media\/69100"}],"wp:attachment":[{"href":"https:\/\/cienfuegos.fr\/index.php\/wp-json\/wp\/v2\/media?parent=69091"}],"curies":[{"name":"wp","href":"https:\/\/api.w.org\/{rel}","templated":true}]}}