{"id":6733,"date":"2020-09-28T02:31:54","date_gmt":"2020-09-28T00:31:54","guid":{"rendered":"https:\/\/cienfuegos.fr\/?post_type=product&#038;p=6733"},"modified":"2022-04-28T16:02:22","modified_gmt":"2022-04-28T14:02:22","slug":"barrio-chino","status":"publish","type":"product","link":"https:\/\/cienfuegos.fr\/index.php\/product\/barrio-chino\/","title":{"rendered":"Barrio chino"},"content":{"rendered":"","protected":false},"excerpt":{"rendered":"<p>Autor: Martini, Juan<br \/>\nEditorial: Norma<br \/>\nA\u00f1o de publicaci\u00f3n:<br \/>\nN\u00famero de p\u00e1ginas:<br \/>\nI.S.B.N:<\/p>\n<p>Editorial: Grupo Editorial Norma., 1999. Novela. Argentina. Iberoam\u00e9rica. Buenos Aires. Colecci\u00f3n: La Otra Orilla. Editorial: Grupo Editorial Norma. 1999. Primera edici\u00f3n. 205 pags. 21&#215;14 cms.<\/p>\n","protected":false},"featured_media":6350,"comment_status":"open","ping_status":"closed","template":"","meta":[],"class_list":{"0":"post-6733","1":"product","2":"type-product","3":"status-publish","4":"has-post-thumbnail","6":"product_cat-narrativa","7":"post","9":"first","10":"outofstock","11":"taxable","12":"shipping-taxable","13":"purchasable","14":"product-type-simple"},"_links":{"self":[{"href":"https:\/\/cienfuegos.fr\/index.php\/wp-json\/wp\/v2\/product\/6733","targetHints":{"allow":["GET"]}}],"collection":[{"href":"https:\/\/cienfuegos.fr\/index.php\/wp-json\/wp\/v2\/product"}],"about":[{"href":"https:\/\/cienfuegos.fr\/index.php\/wp-json\/wp\/v2\/types\/product"}],"replies":[{"embeddable":true,"href":"https:\/\/cienfuegos.fr\/index.php\/wp-json\/wp\/v2\/comments?post=6733"}],"wp:featuredmedia":[{"embeddable":true,"href":"https:\/\/cienfuegos.fr\/index.php\/wp-json\/wp\/v2\/media\/6350"}],"wp:attachment":[{"href":"https:\/\/cienfuegos.fr\/index.php\/wp-json\/wp\/v2\/media?parent=6733"}],"curies":[{"name":"wp","href":"https:\/\/api.w.org\/{rel}","templated":true}]}}