{"id":6617,"date":"2020-09-28T00:16:33","date_gmt":"2020-09-27T22:16:33","guid":{"rendered":"https:\/\/cienfuegos.fr\/?post_type=product&#038;p=6617"},"modified":"2020-09-28T00:16:33","modified_gmt":"2020-09-27T22:16:33","slug":"hotel-atlantico","status":"publish","type":"product","link":"https:\/\/cienfuegos.fr\/index.php\/product\/hotel-atlantico\/","title":{"rendered":"Hotel Atl\u00e1ntico"},"content":{"rendered":"","protected":false},"excerpt":{"rendered":"<p>Autor: Noll, Joao Gilberto<br \/>\nEditorial: Adriana Hidalgo<br \/>\nA\u00f1o de publicaci\u00f3n:<br \/>\nN\u00famero de p\u00e1ginas:<br \/>\nI.S.B.N:<\/p>\n<p>En un gesto que lo vuelve un existencialista \u00bfadem\u00e1s de Pessoa y Sartre, su influencia m\u00e1s visible es Camus\u00bf los personajes que construye Joao Gilberto Noll terminan tomando, imprevisiblemente, tarde o temprano, el mango de la sart\u00e9n de su destino, con decisiones por fin propias que, no obstante, terminan respondiendo siempre a un verdadero acto de fe, un acto de fe que tiene mucho que ver con la ficci\u00f3n. Con todo, la obra de Noll puede leerse en forma aut\u00f3noma, es decir, sin manuales de literatura, ni gu\u00edas filos\u00f3ficas de estudio.<\/p>\n","protected":false},"featured_media":6381,"comment_status":"open","ping_status":"closed","template":"","meta":[],"class_list":{"0":"post-6617","1":"product","2":"type-product","3":"status-publish","4":"has-post-thumbnail","6":"product_cat-narrativa","7":"post","9":"first","10":"instock","11":"taxable","12":"shipping-taxable","13":"purchasable","14":"product-type-simple"},"_links":{"self":[{"href":"https:\/\/cienfuegos.fr\/index.php\/wp-json\/wp\/v2\/product\/6617","targetHints":{"allow":["GET"]}}],"collection":[{"href":"https:\/\/cienfuegos.fr\/index.php\/wp-json\/wp\/v2\/product"}],"about":[{"href":"https:\/\/cienfuegos.fr\/index.php\/wp-json\/wp\/v2\/types\/product"}],"replies":[{"embeddable":true,"href":"https:\/\/cienfuegos.fr\/index.php\/wp-json\/wp\/v2\/comments?post=6617"}],"wp:featuredmedia":[{"embeddable":true,"href":"https:\/\/cienfuegos.fr\/index.php\/wp-json\/wp\/v2\/media\/6381"}],"wp:attachment":[{"href":"https:\/\/cienfuegos.fr\/index.php\/wp-json\/wp\/v2\/media?parent=6617"}],"curies":[{"name":"wp","href":"https:\/\/api.w.org\/{rel}","templated":true}]}}