{"id":6459,"date":"2020-09-27T07:49:50","date_gmt":"2020-09-27T05:49:50","guid":{"rendered":"https:\/\/cienfuegos.fr\/?post_type=product&#038;p=6459"},"modified":"2020-09-27T07:49:50","modified_gmt":"2020-09-27T05:49:50","slug":"frio","status":"publish","type":"product","link":"https:\/\/cienfuegos.fr\/index.php\/product\/frio\/","title":{"rendered":"Fr\u00edo"},"content":{"rendered":"","protected":false},"excerpt":{"rendered":"<p>Autor: Pinedo, Rafael<br \/>\nEditorial: Salto de p\u00e1gina<br \/>\nA\u00f1o de publicaci\u00f3n:<br \/>\nN\u00famero de p\u00e1ginas:<br \/>\nI.S.B.N:<\/p>\n<p>R\u00edo nos presenta una historia de supervivencia con pinceladas fant\u00e1sticas, narrada en el estilo desnudo y preciso caracter\u00edstico de Pinedo. La acci\u00f3n se ubica en un extra\u00f1o convento situado en alg\u00fan lugar de Argentina, en un tiempo indeterminado. Una especie de ola de fr\u00edo de origen desconocido avanza desde el sur, precedida por columnas de refugiados que huyen de unas condiciones cada vez m\u00e1s inh\u00f3spitas. La protagonista de la historia es una monja que decidir\u00e1 quedarse en el convento cuando todo el mundo parte, y que aprender\u00e1 a sobrevivir con las \u00fanicas criaturas que permanecen en el lugar pese al avance del fr\u00edo: las ratas. Entre ellas y la protagonista comenzar\u00e1 a forjarse una relaci\u00f3n de car\u00e1cter religioso en la \u00e9sta adquirir\u00e1 progresivamente los rasgos de una sacerdotisa con los roedores como \u00fanicos feligreses de este ins\u00f3lito culto. Con la edici\u00f3n de Fr\u00edo, hasta ahora in\u00e9dita, nos proponemos continuar la publicaci\u00f3n de la original obra de Rafael Pinedo que iniciamos con la edici\u00f3n de Plop en 2007. Con ello se pretende dar a conocer la obra de un autor argentino pr\u00e1cticamente desconocido para el p\u00fablico espa\u00f1ol, pero progresivamente redescubierto y valorado por la cr\u00edtica. La difusi\u00f3n de su obra se vio dram\u00e1ticamente interrumpida por su temprana muerte; pero en los \u00faltimos a\u00f1os ha sido se\u00f1alado como un autor con una sensibilidad original y alejada de la de sus contempor\u00e1neos, cuyos textos abordan en clave metaf\u00f3rica y desde g\u00e9neros oblicuos el contexto de la crisis econ\u00f3mica que atraves\u00f3 su pa\u00eds en los noventa, al tiempo que plantean cuestiones antropol\u00f3gicas y culturales m\u00e1s amplias que garantizan su vigencia e inter\u00e9s m\u00e1s all\u00e1 de dicho contexto. RAFAEL PINEDO (1954-2006) naci\u00f3 en Buenos Aires. Se licenci\u00f3 en la Facultad de Ciencias Exactas y Naturales de esa ciudad, donde ejerci\u00f3 como inform\u00e1tico y, durante un tiempo, actor teatral. A los dieciocho a\u00f1os quem\u00f3 todo lo que hab\u00eda escrito hasta entonces.<\/p>\n","protected":false},"featured_media":6218,"comment_status":"open","ping_status":"closed","template":"","meta":[],"class_list":{"0":"post-6459","1":"product","2":"type-product","3":"status-publish","4":"has-post-thumbnail","6":"product_cat-narrativa","7":"post","9":"first","10":"instock","11":"taxable","12":"shipping-taxable","13":"purchasable","14":"product-type-simple"},"_links":{"self":[{"href":"https:\/\/cienfuegos.fr\/index.php\/wp-json\/wp\/v2\/product\/6459","targetHints":{"allow":["GET"]}}],"collection":[{"href":"https:\/\/cienfuegos.fr\/index.php\/wp-json\/wp\/v2\/product"}],"about":[{"href":"https:\/\/cienfuegos.fr\/index.php\/wp-json\/wp\/v2\/types\/product"}],"replies":[{"embeddable":true,"href":"https:\/\/cienfuegos.fr\/index.php\/wp-json\/wp\/v2\/comments?post=6459"}],"wp:featuredmedia":[{"embeddable":true,"href":"https:\/\/cienfuegos.fr\/index.php\/wp-json\/wp\/v2\/media\/6218"}],"wp:attachment":[{"href":"https:\/\/cienfuegos.fr\/index.php\/wp-json\/wp\/v2\/media?parent=6459"}],"curies":[{"name":"wp","href":"https:\/\/api.w.org\/{rel}","templated":true}]}}