{"id":6443,"date":"2020-09-27T07:33:02","date_gmt":"2020-09-27T05:33:02","guid":{"rendered":"https:\/\/cienfuegos.fr\/?post_type=product&#038;p=6443"},"modified":"2020-09-27T07:33:02","modified_gmt":"2020-09-27T05:33:02","slug":"el-camino-de-ida","status":"publish","type":"product","link":"https:\/\/cienfuegos.fr\/index.php\/product\/el-camino-de-ida\/","title":{"rendered":"El camino de ida"},"content":{"rendered":"","protected":false},"excerpt":{"rendered":"<p>Autor: Piglia, Ricardo<br \/>\nEditorial: De bolsillo<br \/>\nA\u00f1o de publicaci\u00f3n:<br \/>\nN\u00famero de p\u00e1ginas:<br \/>\nI.S.B.N:<\/p>\n<p>Emilio Renzi, personaje recurrente en la obra de Piglia desde La invasi\u00f3n hasta Blanco nocturno, se ha convertido en un divorciado cincuent\u00f3n, solitario e inseguro que mata el tiempo en Buenos Aires. Ni siquiera ha publicado nada en mucho tiempo. Cuando la bella y belicosa Ida Brown lo invita a impartir un seminario sobre los a\u00f1os argentinos de W. H. Hudson en la exclusiva Taylor University, cerca de Nueva York, todo cambia. Taylor le permitir\u00e1 huir de una realidad dolorosa, centrarse en alumnos y lecturas. Con el tiempo, le ofrecer\u00e1 tambi\u00e9n la oportunidad de volver a enamorarse&#8230; Pero un suceso tr\u00e1gico trastoca de nuevo su vida y le inmiscuye en una arriesgada investigaci\u00f3n en torno al terrorismo. \u00abAtrapa desde el primer p\u00e1rrafo y su inter\u00e9s no decae hasta el muy logrado final. Todo Piglia se encuentra destilado en El camino de Ida.\u00bb Edmundo Paz Sold\u00e1n, El Boomeran(g)<\/p>\n","protected":false},"featured_media":6211,"comment_status":"open","ping_status":"closed","template":"","meta":[],"class_list":{"0":"post-6443","1":"product","2":"type-product","3":"status-publish","4":"has-post-thumbnail","6":"product_cat-narrativa","7":"post","9":"first","10":"instock","11":"taxable","12":"shipping-taxable","13":"purchasable","14":"product-type-simple"},"_links":{"self":[{"href":"https:\/\/cienfuegos.fr\/index.php\/wp-json\/wp\/v2\/product\/6443","targetHints":{"allow":["GET"]}}],"collection":[{"href":"https:\/\/cienfuegos.fr\/index.php\/wp-json\/wp\/v2\/product"}],"about":[{"href":"https:\/\/cienfuegos.fr\/index.php\/wp-json\/wp\/v2\/types\/product"}],"replies":[{"embeddable":true,"href":"https:\/\/cienfuegos.fr\/index.php\/wp-json\/wp\/v2\/comments?post=6443"}],"wp:featuredmedia":[{"embeddable":true,"href":"https:\/\/cienfuegos.fr\/index.php\/wp-json\/wp\/v2\/media\/6211"}],"wp:attachment":[{"href":"https:\/\/cienfuegos.fr\/index.php\/wp-json\/wp\/v2\/media?parent=6443"}],"curies":[{"name":"wp","href":"https:\/\/api.w.org\/{rel}","templated":true}]}}