{"id":6441,"date":"2020-09-27T07:31:23","date_gmt":"2020-09-27T05:31:23","guid":{"rendered":"https:\/\/cienfuegos.fr\/?post_type=product&#038;p=6441"},"modified":"2020-09-27T07:31:23","modified_gmt":"2020-09-27T05:31:23","slug":"nombre-falso","status":"publish","type":"product","link":"https:\/\/cienfuegos.fr\/index.php\/product\/nombre-falso\/","title":{"rendered":"Nombre falso"},"content":{"rendered":"","protected":false},"excerpt":{"rendered":"<p>Autor: Piglia, Ricardo<br \/>\nEditorial: De bolsillo<br \/>\nA\u00f1o de publicaci\u00f3n:<br \/>\nN\u00famero de p\u00e1ginas:<br \/>\nI.S.B.N:<\/p>\n<p>Nombre falso es una colecci\u00f3n de cinco relatos y una novela corta de t\u00edtulo hom\u00f3nimo. Aqu\u00ed sobrevuelan algunos motivos recurrentes de la narrativa pigliana: el filo doble de la historia -la period\u00edstica, la oral, la personal-, la arquitectura del complot y la frontera traspasable de los g\u00e9neros y las formas. En la nouvelle que cierra el volumen el autor retoma su alter ego habitual, Emilio Renzi, para ahondar en la obra de Roberto Arlt e incluso idear sus modos de escritura. Esta edici\u00f3n, in\u00e9dita en Espa\u00f1a, recupera la ordenaci\u00f3n original de los relatos e incluye \u00abEl fin del viaje\u00bb y \u00ab La loca y el relato del crimen\u00bb. \u00abEl escritor posmoderno ejemplar es un profesor que adem\u00e1s publica novelas. Sujeto que sostiene la tensi\u00f3n de un doble discurso, un doble registro, un l\u00edmite, y que encuentra en esa tensi\u00f3n la forma de seguir pensando la literatura. Toda la obra de Piglia se sostiene en ese l\u00edmite, desde los cuentos de Nombre falso .\u00bb Daniel Link, P\u00e1gina \/12<\/p>\n","protected":false},"featured_media":6210,"comment_status":"open","ping_status":"closed","template":"","meta":[],"class_list":{"0":"post-6441","1":"product","2":"type-product","3":"status-publish","4":"has-post-thumbnail","6":"product_cat-narrativa","7":"post","9":"first","10":"instock","11":"taxable","12":"shipping-taxable","13":"purchasable","14":"product-type-simple"},"_links":{"self":[{"href":"https:\/\/cienfuegos.fr\/index.php\/wp-json\/wp\/v2\/product\/6441","targetHints":{"allow":["GET"]}}],"collection":[{"href":"https:\/\/cienfuegos.fr\/index.php\/wp-json\/wp\/v2\/product"}],"about":[{"href":"https:\/\/cienfuegos.fr\/index.php\/wp-json\/wp\/v2\/types\/product"}],"replies":[{"embeddable":true,"href":"https:\/\/cienfuegos.fr\/index.php\/wp-json\/wp\/v2\/comments?post=6441"}],"wp:featuredmedia":[{"embeddable":true,"href":"https:\/\/cienfuegos.fr\/index.php\/wp-json\/wp\/v2\/media\/6210"}],"wp:attachment":[{"href":"https:\/\/cienfuegos.fr\/index.php\/wp-json\/wp\/v2\/media?parent=6441"}],"curies":[{"name":"wp","href":"https:\/\/api.w.org\/{rel}","templated":true}]}}