{"id":6439,"date":"2020-09-27T07:29:44","date_gmt":"2020-09-27T05:29:44","guid":{"rendered":"https:\/\/cienfuegos.fr\/?post_type=product&#038;p=6439"},"modified":"2020-09-27T07:29:44","modified_gmt":"2020-09-27T05:29:44","slug":"la-ciudad-ausente","status":"publish","type":"product","link":"https:\/\/cienfuegos.fr\/index.php\/product\/la-ciudad-ausente\/","title":{"rendered":"La ciudad ausente"},"content":{"rendered":"","protected":false},"excerpt":{"rendered":"<p>Autor: Piglia, Ricardo<br \/>\nEditorial: De bolsillo<br \/>\nA\u00f1o de publicaci\u00f3n:<br \/>\nN\u00famero de p\u00e1ginas:<br \/>\nI.S.B.N:<\/p>\n<p>Junior es un periodista que investiga la m\u00e1quina de Macedonio, un artefacto que empez\u00f3 traduciendo relatos y acab\u00f3 produciendo una obra aut\u00f3noma. Ahora ha escapado a todo control y permanece bajo custodia en el Museo, mientras el poder totalitario y la resistencia luchan por validar o convertir en ap\u00f3crifas las producciones de la aut\u00f3mata. Quiz\u00e1 la verdad sobre su origen se esconde en una historia de amor eterno, de cuyo hilo tirar\u00e1 Junior hasta llegar a una isla extra\u00f1a. \u00abRicardo Piglia retrata un Buenos Aires tr\u00e1gicamente transformado y desfigurado, haci\u00e9ndose eco de las obras de sus predecesores (que incluyen a Borges, Roberto Arlt y Macedonio Fern\u00e1ndez) y con referencias reveladoras a su antecedente m\u00e1s directo: el Ulises de James Joyce. La ciudad ausente es, en cualquier caso, una obra de arte.\u00bb<\/p>\n","protected":false},"featured_media":6061,"comment_status":"open","ping_status":"closed","template":"","meta":[],"class_list":{"0":"post-6439","1":"product","2":"type-product","3":"status-publish","4":"has-post-thumbnail","6":"product_cat-narrativa","7":"post","9":"first","10":"instock","11":"taxable","12":"shipping-taxable","13":"purchasable","14":"product-type-simple"},"_links":{"self":[{"href":"https:\/\/cienfuegos.fr\/index.php\/wp-json\/wp\/v2\/product\/6439","targetHints":{"allow":["GET"]}}],"collection":[{"href":"https:\/\/cienfuegos.fr\/index.php\/wp-json\/wp\/v2\/product"}],"about":[{"href":"https:\/\/cienfuegos.fr\/index.php\/wp-json\/wp\/v2\/types\/product"}],"replies":[{"embeddable":true,"href":"https:\/\/cienfuegos.fr\/index.php\/wp-json\/wp\/v2\/comments?post=6439"}],"wp:featuredmedia":[{"embeddable":true,"href":"https:\/\/cienfuegos.fr\/index.php\/wp-json\/wp\/v2\/media\/6061"}],"wp:attachment":[{"href":"https:\/\/cienfuegos.fr\/index.php\/wp-json\/wp\/v2\/media?parent=6439"}],"curies":[{"name":"wp","href":"https:\/\/api.w.org\/{rel}","templated":true}]}}