{"id":6128,"date":"2020-09-24T05:55:44","date_gmt":"2020-09-24T03:55:44","guid":{"rendered":"https:\/\/cienfuegos.fr\/?post_type=product&#038;p=6128"},"modified":"2020-09-24T05:55:44","modified_gmt":"2020-09-24T03:55:44","slug":"el-senor-martereau","status":"publish","type":"product","link":"https:\/\/cienfuegos.fr\/index.php\/product\/el-senor-martereau\/","title":{"rendered":"El se\u00f1or Martereau"},"content":{"rendered":"","protected":false},"excerpt":{"rendered":"<p>Autor: Sarraute, Nathalie<br \/>\nEditorial:<br \/>\nA\u00f1o de publicaci\u00f3n:<br \/>\nN\u00famero de p\u00e1ginas:<br \/>\nI.S.B.N:<\/p>\n<p>Buenos Aires, Compa\u00f1\u00eda General Fabril Editora, 1961. Col. Anaquel. Traducci\u00f3n de Rosa Daneo. 198 p. 1 h. 8\u00ba mayor. Carton\u00e9 editorial con sobrecubierta ilustrada con el *Retrato de Zborowsky* por A. Modigliani. Foto de la autora en solapa. Muy leve suciedad en la sobrecubierta. Muy buen ejemplar. Primera edici\u00f3n en castellano<\/p>\n","protected":false},"featured_media":6009,"comment_status":"open","ping_status":"closed","template":"","meta":[],"class_list":{"0":"post-6128","1":"product","2":"type-product","3":"status-publish","4":"has-post-thumbnail","6":"product_cat-narrativa","7":"post","9":"first","10":"instock","11":"taxable","12":"shipping-taxable","13":"purchasable","14":"product-type-simple"},"_links":{"self":[{"href":"https:\/\/cienfuegos.fr\/index.php\/wp-json\/wp\/v2\/product\/6128","targetHints":{"allow":["GET"]}}],"collection":[{"href":"https:\/\/cienfuegos.fr\/index.php\/wp-json\/wp\/v2\/product"}],"about":[{"href":"https:\/\/cienfuegos.fr\/index.php\/wp-json\/wp\/v2\/types\/product"}],"replies":[{"embeddable":true,"href":"https:\/\/cienfuegos.fr\/index.php\/wp-json\/wp\/v2\/comments?post=6128"}],"wp:featuredmedia":[{"embeddable":true,"href":"https:\/\/cienfuegos.fr\/index.php\/wp-json\/wp\/v2\/media\/6009"}],"wp:attachment":[{"href":"https:\/\/cienfuegos.fr\/index.php\/wp-json\/wp\/v2\/media?parent=6128"}],"curies":[{"name":"wp","href":"https:\/\/api.w.org\/{rel}","templated":true}]}}