{"id":6108,"date":"2020-09-24T03:56:06","date_gmt":"2020-09-24T01:56:06","guid":{"rendered":"https:\/\/cienfuegos.fr\/?post_type=product&#038;p=6108"},"modified":"2020-09-24T03:56:06","modified_gmt":"2020-09-24T01:56:06","slug":"ojo-de-rapina","status":"publish","type":"product","link":"https:\/\/cienfuegos.fr\/index.php\/product\/ojo-de-rapina\/","title":{"rendered":"Ojo de rapi\u00f1a"},"content":{"rendered":"","protected":false},"excerpt":{"rendered":"<p>Autor: S\u00e1nchez, N\u00e9stor<br \/>\nEditorial: La comarca<br \/>\nA\u00f1o de publicaci\u00f3n:<br \/>\nN\u00famero de p\u00e1ginas:<br \/>\nI.S.B.N:<\/p>\n","protected":false},"featured_media":0,"comment_status":"open","ping_status":"closed","template":"","meta":[],"class_list":{"0":"post-6108","1":"product","2":"type-product","3":"status-publish","5":"product_cat-narrativa","6":"post","8":"first","9":"instock","10":"taxable","11":"shipping-taxable","12":"purchasable","13":"product-type-simple"},"_links":{"self":[{"href":"https:\/\/cienfuegos.fr\/index.php\/wp-json\/wp\/v2\/product\/6108","targetHints":{"allow":["GET"]}}],"collection":[{"href":"https:\/\/cienfuegos.fr\/index.php\/wp-json\/wp\/v2\/product"}],"about":[{"href":"https:\/\/cienfuegos.fr\/index.php\/wp-json\/wp\/v2\/types\/product"}],"replies":[{"embeddable":true,"href":"https:\/\/cienfuegos.fr\/index.php\/wp-json\/wp\/v2\/comments?post=6108"}],"wp:attachment":[{"href":"https:\/\/cienfuegos.fr\/index.php\/wp-json\/wp\/v2\/media?parent=6108"}],"curies":[{"name":"wp","href":"https:\/\/api.w.org\/{rel}","templated":true}]}}