{"id":5980,"date":"2020-09-20T01:43:51","date_gmt":"2020-09-19T23:43:51","guid":{"rendered":"https:\/\/cienfuegos.fr\/?post_type=product&#038;p=5980"},"modified":"2020-09-20T01:43:51","modified_gmt":"2020-09-19T23:43:51","slug":"crimenes-perfectos","status":"publish","type":"product","link":"https:\/\/cienfuegos.fr\/index.php\/product\/crimenes-perfectos\/","title":{"rendered":"Cr\u00edmenes perfectos"},"content":{"rendered":"","protected":false},"excerpt":{"rendered":"<p>Autor: Strafacce, Ricardo<br \/>\nEditorial: Mansalva<br \/>\nA\u00f1o de publicaci\u00f3n:<br \/>\nN\u00famero de p\u00e1ginas:<br \/>\nI.S.B.N:<\/p>\n<p>\u00abEn Cr\u00edmenes perfectos, el estilo de Strafacce, divertido, \u00e1gil, por momentos grotesco, parece un meteorito que se desprende del planeta de C\u00e9sar Aira. Su prosa alterna el lenguaje coloquial y escatol\u00f3gico, con hip\u00e9rboles adecuadas y una verba formal, haciendo convivir en una frase \u2013por ejemplo\u2013 modismos de un adolescente snob con los de un escribano. Cr\u00edmenes perfectos es una novela r\u00e1pida y delirante que \u2013como ped\u00eda Calvino\u2013 se atreve a perder los hilos de la trama, aunque no con la suficiente libertad como para quitarles los ojos de encima\u00bb.<\/p>\n","protected":false},"featured_media":5927,"comment_status":"open","ping_status":"closed","template":"","meta":[],"class_list":{"0":"post-5980","1":"product","2":"type-product","3":"status-publish","4":"has-post-thumbnail","6":"product_cat-narrativa","7":"post","9":"first","10":"instock","11":"taxable","12":"shipping-taxable","13":"purchasable","14":"product-type-simple"},"_links":{"self":[{"href":"https:\/\/cienfuegos.fr\/index.php\/wp-json\/wp\/v2\/product\/5980","targetHints":{"allow":["GET"]}}],"collection":[{"href":"https:\/\/cienfuegos.fr\/index.php\/wp-json\/wp\/v2\/product"}],"about":[{"href":"https:\/\/cienfuegos.fr\/index.php\/wp-json\/wp\/v2\/types\/product"}],"replies":[{"embeddable":true,"href":"https:\/\/cienfuegos.fr\/index.php\/wp-json\/wp\/v2\/comments?post=5980"}],"wp:featuredmedia":[{"embeddable":true,"href":"https:\/\/cienfuegos.fr\/index.php\/wp-json\/wp\/v2\/media\/5927"}],"wp:attachment":[{"href":"https:\/\/cienfuegos.fr\/index.php\/wp-json\/wp\/v2\/media?parent=5980"}],"curies":[{"name":"wp","href":"https:\/\/api.w.org\/{rel}","templated":true}]}}