{"id":5962,"date":"2020-09-20T01:25:54","date_gmt":"2020-09-19T23:25:54","guid":{"rendered":"https:\/\/cienfuegos.fr\/?post_type=product&#038;p=5962"},"modified":"2020-09-20T01:25:54","modified_gmt":"2020-09-19T23:25:54","slug":"viaje-al-corazon-del-dia","status":"publish","type":"product","link":"https:\/\/cienfuegos.fr\/index.php\/product\/viaje-al-corazon-del-dia\/","title":{"rendered":"Viaje al coraz\u00f3n del d\u00eda"},"content":{"rendered":"","protected":false},"excerpt":{"rendered":"<p>Autor: Somers, Armon\u00eda<br \/>\nEditorial: Cuenco de plata<br \/>\nA\u00f1o de publicaci\u00f3n:<br \/>\nN\u00famero de p\u00e1ginas:<br \/>\nI.S.B.N:<\/p>\n","protected":false},"featured_media":5913,"comment_status":"open","ping_status":"closed","template":"","meta":[],"class_list":{"0":"post-5962","1":"product","2":"type-product","3":"status-publish","4":"has-post-thumbnail","6":"product_cat-narrativa","7":"post","9":"first","10":"instock","11":"taxable","12":"shipping-taxable","13":"purchasable","14":"product-type-simple"},"_links":{"self":[{"href":"https:\/\/cienfuegos.fr\/index.php\/wp-json\/wp\/v2\/product\/5962","targetHints":{"allow":["GET"]}}],"collection":[{"href":"https:\/\/cienfuegos.fr\/index.php\/wp-json\/wp\/v2\/product"}],"about":[{"href":"https:\/\/cienfuegos.fr\/index.php\/wp-json\/wp\/v2\/types\/product"}],"replies":[{"embeddable":true,"href":"https:\/\/cienfuegos.fr\/index.php\/wp-json\/wp\/v2\/comments?post=5962"}],"wp:featuredmedia":[{"embeddable":true,"href":"https:\/\/cienfuegos.fr\/index.php\/wp-json\/wp\/v2\/media\/5913"}],"wp:attachment":[{"href":"https:\/\/cienfuegos.fr\/index.php\/wp-json\/wp\/v2\/media?parent=5962"}],"curies":[{"name":"wp","href":"https:\/\/api.w.org\/{rel}","templated":true}]}}