{"id":5839,"date":"2020-09-17T23:17:33","date_gmt":"2020-09-17T21:17:33","guid":{"rendered":"https:\/\/cienfuegos.fr\/?post_type=product&#038;p=5839"},"modified":"2020-09-17T23:17:33","modified_gmt":"2020-09-17T21:17:33","slug":"sonata-de-primavera-sonata-de-estio","status":"publish","type":"product","link":"https:\/\/cienfuegos.fr\/index.php\/product\/sonata-de-primavera-sonata-de-estio\/","title":{"rendered":"Sonata de primavera-Sonata de est\u00edo"},"content":{"rendered":"","protected":false},"excerpt":{"rendered":"<p>Autor: Del Valle Incl\u00e1n, Ram\u00f3n<br \/>\nEditorial: Austral<br \/>\nA\u00f1o de publicaci\u00f3n:<br \/>\nN\u00famero de p\u00e1ginas:<br \/>\nI.S.B.N:<\/p>\n","protected":false},"featured_media":5806,"comment_status":"open","ping_status":"closed","template":"","meta":[],"class_list":{"0":"post-5839","1":"product","2":"type-product","3":"status-publish","4":"has-post-thumbnail","6":"product_cat-narrativa","7":"post","9":"first","10":"instock","11":"taxable","12":"shipping-taxable","13":"purchasable","14":"product-type-simple"},"_links":{"self":[{"href":"https:\/\/cienfuegos.fr\/index.php\/wp-json\/wp\/v2\/product\/5839","targetHints":{"allow":["GET"]}}],"collection":[{"href":"https:\/\/cienfuegos.fr\/index.php\/wp-json\/wp\/v2\/product"}],"about":[{"href":"https:\/\/cienfuegos.fr\/index.php\/wp-json\/wp\/v2\/types\/product"}],"replies":[{"embeddable":true,"href":"https:\/\/cienfuegos.fr\/index.php\/wp-json\/wp\/v2\/comments?post=5839"}],"wp:featuredmedia":[{"embeddable":true,"href":"https:\/\/cienfuegos.fr\/index.php\/wp-json\/wp\/v2\/media\/5806"}],"wp:attachment":[{"href":"https:\/\/cienfuegos.fr\/index.php\/wp-json\/wp\/v2\/media?parent=5839"}],"curies":[{"name":"wp","href":"https:\/\/api.w.org\/{rel}","templated":true}]}}