{"id":5674,"date":"2020-09-14T22:21:11","date_gmt":"2020-09-14T20:21:11","guid":{"rendered":"https:\/\/cienfuegos.fr\/?post_type=product&#038;p=5674"},"modified":"2020-09-15T20:22:49","modified_gmt":"2020-09-15T18:22:49","slug":"maese-trotamundos-por-el-camino-de-don-quijote","status":"publish","type":"product","link":"https:\/\/cienfuegos.fr\/index.php\/product\/maese-trotamundos-por-el-camino-de-don-quijote\/","title":{"rendered":"Maese trotamundos por el camino de Don Quijote"},"content":{"rendered":"","protected":false},"excerpt":{"rendered":"<p>Autor: Villafa\u00f1e, Javier<br \/>\nEditorial:<br \/>\nA\u00f1o de publicaci\u00f3n:<br \/>\nN\u00famero de p\u00e1ginas:<br \/>\nI.S.B.N:<\/p>\n<p>Como los personajes de Pirandello, eternamente rebelados contra su creador, los t\u00edteres del argentino Javier Villafa\u00f1e le dicen: Yo no hablo as\u00ed. \u00c9sa no es mi voz\u00bb. Y toman la palabra. De este modo se inicia una serie de relatos en la que un mu\u00f1eco, Maese Trotamundos, a veces es protagonista, otras simple espectador o cronista de historias ver\u00eddicas o inventadas en las que no est\u00e1n ausentes el humor, la ternura, los planteos metaf\u00edsicos y hasta los amores contrariados de Maese Trotamundos y Genoveva de Brabante. Viejos perros con fiesta de cumplea\u00f1os, gigantas y mujeres con barba y bigotes, diablos sin cabeza, soldados que vencen a la muerte. Una comparser\u00eda de titiriteros recorre Espa\u00f1a, como antges ha recorridos los caminos de Am\u00e9rica recogiendo y sembrando historias<\/p>\n","protected":false},"featured_media":5747,"comment_status":"open","ping_status":"closed","template":"","meta":[],"class_list":{"0":"post-5674","1":"product","2":"type-product","3":"status-publish","4":"has-post-thumbnail","6":"product_cat-narrativa","7":"post","9":"first","10":"instock","11":"taxable","12":"shipping-taxable","13":"purchasable","14":"product-type-simple"},"_links":{"self":[{"href":"https:\/\/cienfuegos.fr\/index.php\/wp-json\/wp\/v2\/product\/5674","targetHints":{"allow":["GET"]}}],"collection":[{"href":"https:\/\/cienfuegos.fr\/index.php\/wp-json\/wp\/v2\/product"}],"about":[{"href":"https:\/\/cienfuegos.fr\/index.php\/wp-json\/wp\/v2\/types\/product"}],"replies":[{"embeddable":true,"href":"https:\/\/cienfuegos.fr\/index.php\/wp-json\/wp\/v2\/comments?post=5674"}],"wp:featuredmedia":[{"embeddable":true,"href":"https:\/\/cienfuegos.fr\/index.php\/wp-json\/wp\/v2\/media\/5747"}],"wp:attachment":[{"href":"https:\/\/cienfuegos.fr\/index.php\/wp-json\/wp\/v2\/media?parent=5674"}],"curies":[{"name":"wp","href":"https:\/\/api.w.org\/{rel}","templated":true}]}}