{"id":5650,"date":"2020-09-14T21:46:33","date_gmt":"2020-09-14T19:46:33","guid":{"rendered":"https:\/\/cienfuegos.fr\/?post_type=product&#038;p=5650"},"modified":"2020-09-15T20:35:38","modified_gmt":"2020-09-15T18:35:38","slug":"el-karma-de-vivir-al-norte","status":"publish","type":"product","link":"https:\/\/cienfuegos.fr\/index.php\/product\/el-karma-de-vivir-al-norte\/","title":{"rendered":"El karma de vivir al norte"},"content":{"rendered":"","protected":false},"excerpt":{"rendered":"<p>Autor: Vel\u00e1zquez, Carlo<br \/>\nEditorial: Sexto piso<br \/>\nA\u00f1o de publicaci\u00f3n:<br \/>\nN\u00famero de p\u00e1ginas:<br \/>\nI.S.B.N:<\/p>\n<p>Con la iron\u00eda y la potencia narrativa caracter\u00edsticas de la escritura de Vel\u00e1zquez, el lector se adentrar\u00e1 en un delirante viaje por el coraz\u00f3n de este agreste territorio, que va desde una inici\u00e1tica odisea norte\u00f1a a bordo de un tren repleto de criminales, pasando por un angustiante recorrido en taxi con su hija dormida en el regazo mientras el conductor lo extorsiona, hasta encontrar a un d\u00edler fornicando en la oficina donde despacha a sus clientes, historias todas atravesadas por una especie de sino milenario, karm\u00e1tico, que ha transformado por completo la vida de los habitantes de esta ca\u00f3tica y fascinante regi\u00f3n del norte de M\u00e9xico.<\/p>\n","protected":false},"featured_media":5736,"comment_status":"open","ping_status":"closed","template":"","meta":[],"class_list":{"0":"post-5650","1":"product","2":"type-product","3":"status-publish","4":"has-post-thumbnail","6":"product_cat-narrativa","7":"post","9":"first","10":"instock","11":"taxable","12":"shipping-taxable","13":"purchasable","14":"product-type-simple"},"_links":{"self":[{"href":"https:\/\/cienfuegos.fr\/index.php\/wp-json\/wp\/v2\/product\/5650","targetHints":{"allow":["GET"]}}],"collection":[{"href":"https:\/\/cienfuegos.fr\/index.php\/wp-json\/wp\/v2\/product"}],"about":[{"href":"https:\/\/cienfuegos.fr\/index.php\/wp-json\/wp\/v2\/types\/product"}],"replies":[{"embeddable":true,"href":"https:\/\/cienfuegos.fr\/index.php\/wp-json\/wp\/v2\/comments?post=5650"}],"wp:featuredmedia":[{"embeddable":true,"href":"https:\/\/cienfuegos.fr\/index.php\/wp-json\/wp\/v2\/media\/5736"}],"wp:attachment":[{"href":"https:\/\/cienfuegos.fr\/index.php\/wp-json\/wp\/v2\/media?parent=5650"}],"curies":[{"name":"wp","href":"https:\/\/api.w.org\/{rel}","templated":true}]}}