{"id":5590,"date":"2020-09-14T18:56:49","date_gmt":"2020-09-14T16:56:49","guid":{"rendered":"https:\/\/cienfuegos.fr\/?post_type=product&#038;p=5590"},"modified":"2020-09-14T18:56:49","modified_gmt":"2020-09-14T16:56:49","slug":"cuentos-del-caribe-barbados-guyana-jamaica-trinidad-tobago","status":"publish","type":"product","link":"https:\/\/cienfuegos.fr\/index.php\/product\/cuentos-del-caribe-barbados-guyana-jamaica-trinidad-tobago\/","title":{"rendered":"Cuentos del caribe. Barbados Guyana Jamaica Trinidad-Tobago"},"content":{"rendered":"","protected":false},"excerpt":{"rendered":"<p>Autor:<br \/>\nEditorial: Casa de las Am\u00e9ricas<br \/>\nA\u00f1o de publicaci\u00f3n:<br \/>\nN\u00famero de p\u00e1ginas:<br \/>\nI.S.B.N:<\/p>\n<p>Edici\u00f3n biling\u00fce espa\u00f1ol-ingl\u00e9s.<\/p>\n","protected":false},"featured_media":0,"comment_status":"open","ping_status":"closed","template":"","meta":[],"class_list":{"0":"post-5590","1":"product","2":"type-product","3":"status-publish","5":"product_cat-narrativa","6":"post","8":"first","9":"instock","10":"taxable","11":"shipping-taxable","12":"purchasable","13":"product-type-simple"},"_links":{"self":[{"href":"https:\/\/cienfuegos.fr\/index.php\/wp-json\/wp\/v2\/product\/5590","targetHints":{"allow":["GET"]}}],"collection":[{"href":"https:\/\/cienfuegos.fr\/index.php\/wp-json\/wp\/v2\/product"}],"about":[{"href":"https:\/\/cienfuegos.fr\/index.php\/wp-json\/wp\/v2\/types\/product"}],"replies":[{"embeddable":true,"href":"https:\/\/cienfuegos.fr\/index.php\/wp-json\/wp\/v2\/comments?post=5590"}],"wp:attachment":[{"href":"https:\/\/cienfuegos.fr\/index.php\/wp-json\/wp\/v2\/media?parent=5590"}],"curies":[{"name":"wp","href":"https:\/\/api.w.org\/{rel}","templated":true}]}}