{"id":3552,"date":"2020-07-13T17:16:59","date_gmt":"2020-07-13T15:16:59","guid":{"rendered":"https:\/\/cienfuegos.fr\/?post_type=product&#038;p=3552"},"modified":"2020-10-14T14:42:39","modified_gmt":"2020-10-14T12:42:39","slug":"aves-sin-nido","status":"publish","type":"product","link":"https:\/\/cienfuegos.fr\/index.php\/product\/aves-sin-nido\/","title":{"rendered":"Aves sin nido"},"content":{"rendered":"","protected":false},"excerpt":{"rendered":"<p>Autor: Matto de Turner, Clorinda<br \/>\nEditorial: Casa de las Am\u00e9ricas<br \/>\nA\u00f1o de publicaci\u00f3n: 1974<br \/>\nN\u00famero de p\u00e1ginas:<br \/>\nI.S.B.N:<br \/>\nAves sin nido novela casa de las americas la habana cuba 1974.su autora.Grimanesa Martina Matto Usandivaras de Turner, m\u00e1s conocida como Clorinda Matto de Turner (Cuzco, Per\u00fa, 11 de noviembre de 1852-Buenos Aires, 25 de octubre de 1909) fue una destacada escritora peruana, precursora del g\u00e9nero indigenista. Es considerada como una de las precursoras de la novela hispanoamericana junto a Juana Manso, Mercedes Mar\u00edn, Rosario Orrego, Gertrudis G\u00f3mez de Avellaneda, Julia L\u00f3pez de Almeida, Juana Manuela Gorriti y Mercedes Cabello de Carbonera, entre otras.\u200b Inspir\u00f3 grandemente a mujeres en todas partes por su escritura subversiva y en favor de los ind\u00edgenas; fue una mujer independiente, autodidacta en f\u00edsica, historia natural y filosof\u00eda.<\/p>\n","protected":false},"featured_media":4977,"comment_status":"closed","ping_status":"closed","template":"","meta":[],"class_list":{"0":"post-3552","1":"product","2":"type-product","3":"status-publish","4":"has-post-thumbnail","6":"product_cat-narrativa","7":"post","9":"first","10":"outofstock","11":"taxable","12":"shipping-taxable","13":"purchasable","14":"product-type-simple"},"_links":{"self":[{"href":"https:\/\/cienfuegos.fr\/index.php\/wp-json\/wp\/v2\/product\/3552","targetHints":{"allow":["GET"]}}],"collection":[{"href":"https:\/\/cienfuegos.fr\/index.php\/wp-json\/wp\/v2\/product"}],"about":[{"href":"https:\/\/cienfuegos.fr\/index.php\/wp-json\/wp\/v2\/types\/product"}],"replies":[{"embeddable":true,"href":"https:\/\/cienfuegos.fr\/index.php\/wp-json\/wp\/v2\/comments?post=3552"}],"wp:featuredmedia":[{"embeddable":true,"href":"https:\/\/cienfuegos.fr\/index.php\/wp-json\/wp\/v2\/media\/4977"}],"wp:attachment":[{"href":"https:\/\/cienfuegos.fr\/index.php\/wp-json\/wp\/v2\/media?parent=3552"}],"curies":[{"name":"wp","href":"https:\/\/api.w.org\/{rel}","templated":true}]}}