{"id":3472,"date":"2020-07-13T17:14:58","date_gmt":"2020-07-13T15:14:58","guid":{"rendered":"https:\/\/cienfuegos.fr\/?post_type=product&#038;p=3472"},"modified":"2020-08-15T21:04:15","modified_gmt":"2020-08-15T19:04:15","slug":"el-rapto","status":"publish","type":"product","link":"https:\/\/cienfuegos.fr\/index.php\/product\/el-rapto\/","title":{"rendered":"El rapto"},"content":{"rendered":"","protected":false},"excerpt":{"rendered":"<p>Autor: Ayala, Francisco<br \/>\nEditorial:Alfaguara<br \/>\nA\u00f1o de publicaci\u00f3n:<br \/>\nN\u00famero de p\u00e1ginas:<br \/>\nI.S.B.N:<\/p>\n<p>Varios de los cuentos que componen este volumen -empezando por \u00abEl rapto\u00bb-, son cuentos contados ya antes: \u00e9se en particular, nada menos que por Cervantes. Pero en literatura el quid no est\u00e1 en el qu\u00e9 sino en el c\u00f3mo. El cuento de nunca acabar que es la vida repite las mismas situaciones siempre de nuevo, es cierto; pero cada cual las vive a su manera. Y as\u00ed, esta colecci\u00f3n de relatos de Francisco Ayala refleja su propia imagen del mundo, que podr\u00e1 ser amarga a veces, pero que en definitiva suele ser bastante divertida.<\/p>\n","protected":false},"featured_media":5084,"comment_status":"closed","ping_status":"closed","template":"","meta":[],"class_list":{"0":"post-3472","1":"product","2":"type-product","3":"status-publish","4":"has-post-thumbnail","6":"product_cat-narrativa","7":"post","9":"first","10":"instock","11":"taxable","12":"shipping-taxable","13":"purchasable","14":"product-type-simple"},"_links":{"self":[{"href":"https:\/\/cienfuegos.fr\/index.php\/wp-json\/wp\/v2\/product\/3472","targetHints":{"allow":["GET"]}}],"collection":[{"href":"https:\/\/cienfuegos.fr\/index.php\/wp-json\/wp\/v2\/product"}],"about":[{"href":"https:\/\/cienfuegos.fr\/index.php\/wp-json\/wp\/v2\/types\/product"}],"replies":[{"embeddable":true,"href":"https:\/\/cienfuegos.fr\/index.php\/wp-json\/wp\/v2\/comments?post=3472"}],"wp:featuredmedia":[{"embeddable":true,"href":"https:\/\/cienfuegos.fr\/index.php\/wp-json\/wp\/v2\/media\/5084"}],"wp:attachment":[{"href":"https:\/\/cienfuegos.fr\/index.php\/wp-json\/wp\/v2\/media?parent=3472"}],"curies":[{"name":"wp","href":"https:\/\/api.w.org\/{rel}","templated":true}]}}