{"id":3445,"date":"2020-07-13T17:14:17","date_gmt":"2020-07-13T15:14:17","guid":{"rendered":"https:\/\/cienfuegos.fr\/?post_type=product&#038;p=3445"},"modified":"2020-08-16T08:23:06","modified_gmt":"2020-08-16T06:23:06","slug":"las-aventuras-de-la-china-iron","status":"publish","type":"product","link":"https:\/\/cienfuegos.fr\/index.php\/product\/las-aventuras-de-la-china-iron\/","title":{"rendered":"Las aventuras de la China Iron"},"content":{"rendered":"","protected":false},"excerpt":{"rendered":"<p>Autor: Cabez\u00f3n C\u00e1mara, Gabriela<br \/>\nEditorial: Random House<br \/>\nA\u00f1o de publicaci\u00f3n:<br \/>\nN\u00famero de p\u00e1ginas:<br \/>\nI.S.B.N:<\/p>\n<p>La refundaci\u00f3n m\u00e1s radical del cl\u00e1sico argentino Mart\u00edn Fierro, una novela reivindicativa sobre la liberaci\u00f3n de una mujer que abraza los paisajes desbordantes de La Pampa. Radiante y luminoso. El desierto es un prisma de perros, cardos, polvo y cielo. La China Iron, la mujer que gan\u00f3 mart\u00edn Fierro en una partida de cartas, acompa\u00f1a a Liz, una inglesa que va tras la pista de su marido. La China, ahora liberada de las cuerdas del gaucho, emprende un viaje de exploraci\u00f3n por las texturas, los sabores y los placeres que le ofrecen la tierra y su nueva compa\u00f1era. Despu\u00e9s de un largo camino, llegar\u00e1n al Para\u00edso, donde encontrar\u00e1n un mundo libre, en el que las criaturas se abrazan por deseo y los r\u00edos, los p\u00e1jaros y los \u00e1rboles gozan del mismo amor. Gabriela Cabez\u00f3n C\u00e1mara conforma un fascinante ejercicio literario donde reimagina el universo del gran relato argentino en clave de g\u00e9nero, a trav\u00e9s de una apasionada aventura queer.<\/p>\n","protected":false},"featured_media":5039,"comment_status":"closed","ping_status":"closed","template":"","meta":[],"class_list":{"0":"post-3445","1":"product","2":"type-product","3":"status-publish","4":"has-post-thumbnail","6":"product_cat-narrativa","7":"post","9":"first","10":"instock","11":"taxable","12":"shipping-taxable","13":"purchasable","14":"product-type-simple"},"_links":{"self":[{"href":"https:\/\/cienfuegos.fr\/index.php\/wp-json\/wp\/v2\/product\/3445","targetHints":{"allow":["GET"]}}],"collection":[{"href":"https:\/\/cienfuegos.fr\/index.php\/wp-json\/wp\/v2\/product"}],"about":[{"href":"https:\/\/cienfuegos.fr\/index.php\/wp-json\/wp\/v2\/types\/product"}],"replies":[{"embeddable":true,"href":"https:\/\/cienfuegos.fr\/index.php\/wp-json\/wp\/v2\/comments?post=3445"}],"wp:featuredmedia":[{"embeddable":true,"href":"https:\/\/cienfuegos.fr\/index.php\/wp-json\/wp\/v2\/media\/5039"}],"wp:attachment":[{"href":"https:\/\/cienfuegos.fr\/index.php\/wp-json\/wp\/v2\/media?parent=3445"}],"curies":[{"name":"wp","href":"https:\/\/api.w.org\/{rel}","templated":true}]}}