{"id":3394,"date":"2020-07-13T17:12:58","date_gmt":"2020-07-13T15:12:58","guid":{"rendered":"https:\/\/cienfuegos.fr\/?post_type=product&#038;p=3394"},"modified":"2020-08-18T16:39:43","modified_gmt":"2020-08-18T14:39:43","slug":"ornamento","status":"publish","type":"product","link":"https:\/\/cienfuegos.fr\/index.php\/product\/ornamento\/","title":{"rendered":"Ornamento"},"content":{"rendered":"","protected":false},"excerpt":{"rendered":"<p>Autor: C\u00e1rdenas, Juan<br \/>\nEditorial:<br \/>\nA\u00f1o de publicaci\u00f3n:<br \/>\nN\u00famero de p\u00e1ginas:<br \/>\nI.S.B.N:<\/p>\n<p>Cercana al g\u00e9nero fant\u00e1stico, pero con unas particularidades que la llevan mucho m\u00e1s all\u00e1, Ornamento narra el encuentro entre un cient\u00edfico y un grupo de voluntarias que servir\u00e1n de conejillos de indias para probar una nueva droga recreativa que \u00fanicamente surte efecto en las mujeres. Entre ellas hay un caso especial, una extra\u00f1a mujer a la que solo conocemos con el apelativo de n\u00famero 4 y que llegar\u00e1 a involucrarse sentimentalmente con el cient\u00edfico y su esposa, una prestigiosa artista en plena crisis creativa. La irrupci\u00f3n de n\u00famero 4 en la vida de esta pareja tendr\u00e1 un efecto devastador y corrosivo sobre sus certezas, construidas desde una posici\u00f3n de privilegio social y econ\u00f3mico. Ornamento, escrita con una prosa, nunca mejor dicho, adictiva, es un viaje al coraz\u00f3n del mal, una exploraci\u00f3n de las sociedades fundadas en el odio y, tambi\u00e9n, una novela de horror que intenta descifrar en qu\u00e9 medida los sujetos est\u00e1n atravesados en lo m\u00e1s \u00edntimo por la historia pol\u00edtica. El odio partidario opera aqu\u00ed como un origen, un inconsciente colectivo que habla a trav\u00e9s de sus sujetos cuando las drogas les sueltan las lenguas. Es, en suma, una provocaci\u00f3n al lector para que piense en las posibilidades del arte como un campo id\u00f3neo para examinar los males que nos han hechizado.<\/p>\n","protected":false},"featured_media":4994,"comment_status":"closed","ping_status":"closed","template":"","meta":[],"class_list":{"0":"post-3394","1":"product","2":"type-product","3":"status-publish","4":"has-post-thumbnail","6":"product_cat-narrativa","7":"post","9":"first","10":"instock","11":"taxable","12":"shipping-taxable","13":"purchasable","14":"product-type-simple"},"_links":{"self":[{"href":"https:\/\/cienfuegos.fr\/index.php\/wp-json\/wp\/v2\/product\/3394","targetHints":{"allow":["GET"]}}],"collection":[{"href":"https:\/\/cienfuegos.fr\/index.php\/wp-json\/wp\/v2\/product"}],"about":[{"href":"https:\/\/cienfuegos.fr\/index.php\/wp-json\/wp\/v2\/types\/product"}],"replies":[{"embeddable":true,"href":"https:\/\/cienfuegos.fr\/index.php\/wp-json\/wp\/v2\/comments?post=3394"}],"wp:featuredmedia":[{"embeddable":true,"href":"https:\/\/cienfuegos.fr\/index.php\/wp-json\/wp\/v2\/media\/4994"}],"wp:attachment":[{"href":"https:\/\/cienfuegos.fr\/index.php\/wp-json\/wp\/v2\/media?parent=3394"}],"curies":[{"name":"wp","href":"https:\/\/api.w.org\/{rel}","templated":true}]}}