{"id":3367,"date":"2020-07-13T17:12:17","date_gmt":"2020-07-13T15:12:17","guid":{"rendered":"https:\/\/cienfuegos.fr\/?post_type=product&#038;p=3367"},"modified":"2020-08-18T17:33:17","modified_gmt":"2020-08-18T15:33:17","slug":"correccion-de-pruebas-en-alta-provenza","status":"publish","type":"product","link":"https:\/\/cienfuegos.fr\/index.php\/product\/correccion-de-pruebas-en-alta-provenza\/","title":{"rendered":"Correcci\u00f3n de pruebas en alta Provenza"},"content":{"rendered":"","protected":false},"excerpt":{"rendered":"<p>Autor: Cort\u00e1zar, Julio<br \/>\nEditorial:<br \/>\nA\u00f1o de publicaci\u00f3n: 1972<br \/>\nN\u00famero de p\u00e1ginas:<br \/>\nI.S.B.N:<\/p>\n<p>Verano de 1972, Julio Cort\u00e1zar recibe en Saignon, las pruebas de galera delLibro de Manuel y decide corregirlas lejos de su casa. Durante unos d\u00edas abandona la ciudad francesa y a bordo de Fafner, su querida camioneta Volkswagen, recorre la Provenza con la \u00fanica compa\u00f1\u00eda de unas latas de conserva, vino tinto y una m\u00e1quina de escribir. El resultado de esta traves\u00eda singular es esta breve obra maestra, donde la meta m\u00e1s significativa no ser\u00e1 el libro corregido, sino las reflexiones laterales, el taller secreto que lo sustentaba, el modo de vida que permite una vida excepcional. *<\/p>\n","protected":false},"featured_media":4959,"comment_status":"closed","ping_status":"closed","template":"","meta":[],"class_list":{"0":"post-3367","1":"product","2":"type-product","3":"status-publish","4":"has-post-thumbnail","6":"product_cat-narrativa","7":"post","9":"first","10":"instock","11":"taxable","12":"shipping-taxable","13":"purchasable","14":"product-type-simple"},"_links":{"self":[{"href":"https:\/\/cienfuegos.fr\/index.php\/wp-json\/wp\/v2\/product\/3367","targetHints":{"allow":["GET"]}}],"collection":[{"href":"https:\/\/cienfuegos.fr\/index.php\/wp-json\/wp\/v2\/product"}],"about":[{"href":"https:\/\/cienfuegos.fr\/index.php\/wp-json\/wp\/v2\/types\/product"}],"replies":[{"embeddable":true,"href":"https:\/\/cienfuegos.fr\/index.php\/wp-json\/wp\/v2\/comments?post=3367"}],"wp:featuredmedia":[{"embeddable":true,"href":"https:\/\/cienfuegos.fr\/index.php\/wp-json\/wp\/v2\/media\/4959"}],"wp:attachment":[{"href":"https:\/\/cienfuegos.fr\/index.php\/wp-json\/wp\/v2\/media?parent=3367"}],"curies":[{"name":"wp","href":"https:\/\/api.w.org\/{rel}","templated":true}]}}