{"id":3347,"date":"2020-07-13T17:11:47","date_gmt":"2020-07-13T15:11:47","guid":{"rendered":"https:\/\/cienfuegos.fr\/?post_type=product&#038;p=3347"},"modified":"2020-08-18T18:14:17","modified_gmt":"2020-08-18T16:14:17","slug":"el-fin-de-lo-mismo","status":"publish","type":"product","link":"https:\/\/cienfuegos.fr\/index.php\/product\/el-fin-de-lo-mismo\/","title":{"rendered":"El fin de lo mismo"},"content":{"rendered":"","protected":false},"excerpt":{"rendered":"<p>Autor: Cohen, Marcelo<br \/>\nEditorial: P\u00e1gina 12<br \/>\nA\u00f1o de publicaci\u00f3n:<br \/>\nN\u00famero de p\u00e1ginas:<br \/>\nI.S.B.N:<\/p>\n<p>Libro integrado por una novela breve, \u00abLa ilusi\u00f3n monarca\u00bb y cuatro cuentos; cinco ficciones en las que el autor oscilaentre la f\u00e1bula desaforada (la historia de amor de un hombre con una mujer de tres brazos) y un realismo levemente desviado (un hombre sale de su casa en la noche, atra\u00eddo por un grito). 1a. ed.: Alianza, 1992. La obra de Cohen abarca libros de relatos, novelas y ensayos. Entre sus t\u00edtulos, uno de los m\u00e1s recientes es \u00abLos acu\u00e1ticos\u00bb. Pr\u00f3logo: Guillermo Saavedra. 192 P\u00e1ginas. 250 gr.<\/p>\n","protected":false},"featured_media":4939,"comment_status":"closed","ping_status":"closed","template":"","meta":[],"class_list":{"0":"post-3347","1":"product","2":"type-product","3":"status-publish","4":"has-post-thumbnail","6":"product_cat-narrativa","7":"post","9":"first","10":"instock","11":"taxable","12":"shipping-taxable","13":"purchasable","14":"product-type-simple"},"_links":{"self":[{"href":"https:\/\/cienfuegos.fr\/index.php\/wp-json\/wp\/v2\/product\/3347","targetHints":{"allow":["GET"]}}],"collection":[{"href":"https:\/\/cienfuegos.fr\/index.php\/wp-json\/wp\/v2\/product"}],"about":[{"href":"https:\/\/cienfuegos.fr\/index.php\/wp-json\/wp\/v2\/types\/product"}],"replies":[{"embeddable":true,"href":"https:\/\/cienfuegos.fr\/index.php\/wp-json\/wp\/v2\/comments?post=3347"}],"wp:featuredmedia":[{"embeddable":true,"href":"https:\/\/cienfuegos.fr\/index.php\/wp-json\/wp\/v2\/media\/4939"}],"wp:attachment":[{"href":"https:\/\/cienfuegos.fr\/index.php\/wp-json\/wp\/v2\/media?parent=3347"}],"curies":[{"name":"wp","href":"https:\/\/api.w.org\/{rel}","templated":true}]}}