{"id":3268,"date":"2020-07-13T17:09:49","date_gmt":"2020-07-13T15:09:49","guid":{"rendered":"https:\/\/cienfuegos.fr\/?post_type=product&#038;p=3268"},"modified":"2020-08-21T09:10:06","modified_gmt":"2020-08-21T07:10:06","slug":"la-oculta","status":"publish","type":"product","link":"https:\/\/cienfuegos.fr\/index.php\/product\/la-oculta\/","title":{"rendered":"La oculta"},"content":{"rendered":"","protected":false},"excerpt":{"rendered":"<p>Autor: Faciolince, H\u00e9ctor Abad<br \/>\nEditorial: Alfaguara<br \/>\nA\u00f1o de publicaci\u00f3n:<br \/>\nN\u00famero de p\u00e1ginas:<br \/>\nI.S.B.N:<\/p>\n<p>No ve\u00eda nada debajo del agua, aunque abriera los ojos: una barrera viscosa, negra, fr\u00eda, que por el af\u00e1n de huir me parec\u00eda una sopa de aceite en la que mis brazos y mis piernas me hac\u00edan avanzar muy despacio, as\u00ed los moviera con todas mis fuerzas\u00bb. H\u00e9ctor Abad As\u00ed empieza uno de los episodios m\u00e1s dram\u00e1ticos de esta novela, que gira en torno a La Oculta, una finca escondida en las monta\u00f1as de Colombia. Pilar, Eva y Antonio \u00c1ngel son los \u00faltimos herederos de esta tierra, que ha sobrevivido a varias generaciones de la familia. En ella han pasado los momentos m\u00e1s felices de su vida, pero han tenido que enfrentarse tambi\u00e9n al asedio de la violencia y el terror, al desasosiego y la huida. &#8212; A partir de las voces de los tres hermanos, del recuento de sus amores, miedos, deseos y esperanzas, y con un deslumbrante paisaje como tel\u00f3n de fondo, H\u00e9ctor Abad Faciolince ilumina en La Oculta las vicisitudes de una familia y de un pueblo, as\u00ed como el momento en que est\u00e1 a punto de perderse el para\u00edso sobre el cual construyeron sus realidades y sus sue\u00f1os. &#8212; Una mirada \u00edntima y transgresora a una sociedad pujante y tradicionalista, que confirma a H\u00e9ctor Abad como uno de los grandes escritores de la literatura latinoamericana actual.<\/p>\n","protected":false},"featured_media":0,"comment_status":"closed","ping_status":"closed","template":"","meta":[],"class_list":{"0":"post-3268","1":"product","2":"type-product","3":"status-publish","5":"product_cat-narrativa","6":"post","8":"first","9":"instock","10":"taxable","11":"shipping-taxable","12":"purchasable","13":"product-type-simple"},"_links":{"self":[{"href":"https:\/\/cienfuegos.fr\/index.php\/wp-json\/wp\/v2\/product\/3268","targetHints":{"allow":["GET"]}}],"collection":[{"href":"https:\/\/cienfuegos.fr\/index.php\/wp-json\/wp\/v2\/product"}],"about":[{"href":"https:\/\/cienfuegos.fr\/index.php\/wp-json\/wp\/v2\/types\/product"}],"replies":[{"embeddable":true,"href":"https:\/\/cienfuegos.fr\/index.php\/wp-json\/wp\/v2\/comments?post=3268"}],"wp:attachment":[{"href":"https:\/\/cienfuegos.fr\/index.php\/wp-json\/wp\/v2\/media?parent=3268"}],"curies":[{"name":"wp","href":"https:\/\/api.w.org\/{rel}","templated":true}]}}