{"id":3224,"date":"2020-07-13T17:08:43","date_gmt":"2020-07-13T15:08:43","guid":{"rendered":"https:\/\/cienfuegos.fr\/?post_type=product&#038;p=3224"},"modified":"2020-09-02T06:44:08","modified_gmt":"2020-09-02T04:44:08","slug":"punto-de-fuga","status":"publish","type":"product","link":"https:\/\/cienfuegos.fr\/index.php\/product\/punto-de-fuga\/","title":{"rendered":"Punto de fuga"},"content":{"rendered":"","protected":false},"excerpt":{"rendered":"<p>Autor: Gamboa, Jerem\u00edas<br \/>\nEditorial: Alfaguara<br \/>\nA\u00f1o de publicaci\u00f3n:<br \/>\nN\u00famero de p\u00e1ginas:<br \/>\nI.S.B.N:<\/p>\n<p>Usado, buen estado. Los primeros relatos del autor de Contarlo todo. J\u00f3venes entra\u00f1ables y a veces obsesivos que sufren su pertenencia a un espacio que les resulta extra\u00f1o y una sensaci\u00f3n acuciante de ajenidad; as\u00ed son los personajes de estos cuentos. Transitan entre la ilusi\u00f3n, la nostalgia, la incomunicaci\u00f3n, la ansiedad y el desamparo, y conmueven por sus deseos impostergables de huir. De escaparse. Gamboa da forma en este libro al rostro poli\u00e9drico de una Lima que es a la vez chirriante y honda, esperp\u00e9ntica y risue\u00f1a, nocturna y brillante; un espacio en el que todo parece posible. El resultado es un conjunto de relatos inolvidables, una primera obra de ficci\u00f3n en la que ya est\u00e1n presentes algunos de los temas fundamentales del autor: la amistad, la necesidad de autoafirmaci\u00f3n, la premura por encontrar una v\u00eda de comunicaci\u00f3n con el otro y el descubrimiento del mundo. \u00abUn escritor perfectamente due\u00f1o de sus medios expresivos, que sabe concentrarse en lo esencial, que es siempre contar una historia bien contada.\u00bbMario Vargas Llosa \u00abUno a los veinte a\u00f1os no puede decir sino las esperanzas que tiene para el futuro, y en esos momentos creo que no hubiera sido del todo extra\u00f1o que yo le hubiera contestado como un secreto que no le revelar\u00eda a nadie que so\u00f1aba con hacerme un escritor.\u00bb La cr\u00edtica ha dicho. \u00abUn espl\u00e9ndido libro de cuentos. Muy bien escrito, muy bien estructurado, muy interesante.\u00bbMario Vargas Llosa, La Rep\u00fablica \u00abNotable.\u00bbEnrique Planas, El Comercio \u00abLa revelaci\u00f3n del a\u00f1o.\u00bbJos\u00e9 Guich, Correo \u00abEl autor conoce perfectamente a sus personajes. Es uno de ellos.\u00bbAlonso Cueto, Per\u00fa 21.<\/p>\n","protected":false},"featured_media":0,"comment_status":"closed","ping_status":"closed","template":"","meta":[],"class_list":{"0":"post-3224","1":"product","2":"type-product","3":"status-publish","5":"product_cat-narrativa","6":"post","8":"first","9":"instock","10":"taxable","11":"shipping-taxable","12":"purchasable","13":"product-type-simple"},"_links":{"self":[{"href":"https:\/\/cienfuegos.fr\/index.php\/wp-json\/wp\/v2\/product\/3224","targetHints":{"allow":["GET"]}}],"collection":[{"href":"https:\/\/cienfuegos.fr\/index.php\/wp-json\/wp\/v2\/product"}],"about":[{"href":"https:\/\/cienfuegos.fr\/index.php\/wp-json\/wp\/v2\/types\/product"}],"replies":[{"embeddable":true,"href":"https:\/\/cienfuegos.fr\/index.php\/wp-json\/wp\/v2\/comments?post=3224"}],"wp:attachment":[{"href":"https:\/\/cienfuegos.fr\/index.php\/wp-json\/wp\/v2\/media?parent=3224"}],"curies":[{"name":"wp","href":"https:\/\/api.w.org\/{rel}","templated":true}]}}