{"id":3210,"date":"2020-07-13T17:08:22","date_gmt":"2020-07-13T15:08:22","guid":{"rendered":"https:\/\/cienfuegos.fr\/?post_type=product&#038;p=3210"},"modified":"2020-09-02T07:06:34","modified_gmt":"2020-09-02T05:06:34","slug":"los-anos-de-origenes","status":"publish","type":"product","link":"https:\/\/cienfuegos.fr\/index.php\/product\/los-anos-de-origenes\/","title":{"rendered":"Los a\u00f1os de Or\u00edgenes"},"content":{"rendered":"","protected":false},"excerpt":{"rendered":"<p>Autor: Garc\u00eda Vega, Lorenzo<br \/>\nEditorial: Bajo la luna<br \/>\nA\u00f1o de publicaci\u00f3n: 2007<br \/>\nN\u00famero de p\u00e1ginas: 338<br \/>\nI.S.B.N: 9789879108338<\/p>\n<p>Entre 1944 y 1956 en La Habana, Cuba, se public\u00f3 la revista\u00bbOr\u00edgenes\u00bb, dirigida por Jos\u00e9 Lezama Lima. Public\u00f3 textos de escritores europeos, norteamericanos y latinoamericanos; fur una curiosa reuni\u00f3n de talentos modernos que forj\u00f3 el futuro de algunos de los escritores m\u00e1s renovadores de la literatura latinoamericana. El autor form\u00f3 parte de ese grupo. Enesta obra (1a. ed. : 1978) traza la cr\u00f3nica de esa \u00e9poca, componiendo un collage caprichoso y audaz donde la figura de Juli\u00e1n del Casal, la cr\u00edtica a la moral cubana prerrevolucionaria, la revoluci\u00f3n, el boom de la literatura latinoamericana y sus \u00abmomias\u00bb, la amistad con Lezama y los reproches al maestro son algunos de los elementos de una instancia testimonial que el autor ha definido como un cap\u00edtulo de su autobiograf\u00eda. Garc\u00eda Vega es doctor en Derecho y Filosof\u00eda y Letras (Universidad de La Habana); en 1952 recibi\u00f3 el Premio Nacional de Literatura de Cuba.<\/p>\n","protected":false},"featured_media":0,"comment_status":"closed","ping_status":"closed","template":"","meta":[],"class_list":{"0":"post-3210","1":"product","2":"type-product","3":"status-publish","5":"product_cat-narrativa","6":"post","8":"first","9":"instock","10":"taxable","11":"shipping-taxable","12":"purchasable","13":"product-type-simple"},"_links":{"self":[{"href":"https:\/\/cienfuegos.fr\/index.php\/wp-json\/wp\/v2\/product\/3210","targetHints":{"allow":["GET"]}}],"collection":[{"href":"https:\/\/cienfuegos.fr\/index.php\/wp-json\/wp\/v2\/product"}],"about":[{"href":"https:\/\/cienfuegos.fr\/index.php\/wp-json\/wp\/v2\/types\/product"}],"replies":[{"embeddable":true,"href":"https:\/\/cienfuegos.fr\/index.php\/wp-json\/wp\/v2\/comments?post=3210"}],"wp:attachment":[{"href":"https:\/\/cienfuegos.fr\/index.php\/wp-json\/wp\/v2\/media?parent=3210"}],"curies":[{"name":"wp","href":"https:\/\/api.w.org\/{rel}","templated":true}]}}