{"id":3154,"date":"2020-07-13T17:06:57","date_gmt":"2020-07-13T15:06:57","guid":{"rendered":"https:\/\/cienfuegos.fr\/?post_type=product&#038;p=3154"},"modified":"2020-09-04T01:24:01","modified_gmt":"2020-09-03T23:24:01","slug":"lo-inolvidable","status":"publish","type":"product","link":"https:\/\/cienfuegos.fr\/index.php\/product\/lo-inolvidable\/","title":{"rendered":"Lo inolvidable"},"content":{"rendered":"","protected":false},"excerpt":{"rendered":"<p>Autor: Berti, Eduardo<br \/>\nEditorial: P\u00e1ginas de espuma<br \/>\nA\u00f1o de publicaci\u00f3n: 2010<br \/>\nN\u00famero de p\u00e1ginas: 128<br \/>\nI.S.B.N:<\/p>\n<p>Eduardo Berti posee una de las escrituras m\u00e1s s\u00f3lidas de la literatura argentina actual. Las historias aqu\u00ed reunidas trazan un camino jalonado por formas de olvido y por lo inolvidable. De la mano, un padre y un hijo avanzan hacia la escuela; dos trabajadores sobreviven bajo la presi\u00f3n del aislamiento y la piedra; una lectora impulsiva y obsesionada naufraga en un universo de papel; el peso de un enga\u00f1o condiciona toda una vida. La memoria y la confesi\u00f3n, la identidad y la decisi\u00f3n son algunos de los temas de los cuentos incluidos en Lo inolvidable, con los que Berti vuelve a mostrar su sutil maestr\u00eda para la evocaci\u00f3n y el detalle, para el descubrimiento y lo inquietante.<\/p>\n","protected":false},"featured_media":0,"comment_status":"closed","ping_status":"closed","template":"","meta":[],"class_list":{"0":"post-3154","1":"product","2":"type-product","3":"status-publish","5":"product_cat-narrativa","6":"post","8":"first","9":"instock","10":"taxable","11":"shipping-taxable","12":"purchasable","13":"product-type-simple"},"_links":{"self":[{"href":"https:\/\/cienfuegos.fr\/index.php\/wp-json\/wp\/v2\/product\/3154","targetHints":{"allow":["GET"]}}],"collection":[{"href":"https:\/\/cienfuegos.fr\/index.php\/wp-json\/wp\/v2\/product"}],"about":[{"href":"https:\/\/cienfuegos.fr\/index.php\/wp-json\/wp\/v2\/types\/product"}],"replies":[{"embeddable":true,"href":"https:\/\/cienfuegos.fr\/index.php\/wp-json\/wp\/v2\/comments?post=3154"}],"wp:attachment":[{"href":"https:\/\/cienfuegos.fr\/index.php\/wp-json\/wp\/v2\/media?parent=3154"}],"curies":[{"name":"wp","href":"https:\/\/api.w.org\/{rel}","templated":true}]}}