{"id":3153,"date":"2020-07-13T17:06:56","date_gmt":"2020-07-13T15:06:56","guid":{"rendered":"https:\/\/cienfuegos.fr\/?post_type=product&#038;p=3153"},"modified":"2020-09-04T01:25:07","modified_gmt":"2020-09-03T23:25:07","slug":"antigua-luz","status":"publish","type":"product","link":"https:\/\/cienfuegos.fr\/index.php\/product\/antigua-luz\/","title":{"rendered":"Antigua luz"},"content":{"rendered":"","protected":false},"excerpt":{"rendered":"<p>Autor: Banville, John<br \/>\nEditorial: Alfaguara<br \/>\nA\u00f1o de publicaci\u00f3n: 2012<br \/>\nN\u00famero de p\u00e1ginas: 304<br \/>\nI.S.B.N:<\/p>\n<p>\u00abBill Gray era mi mejor amigo y me enamor\u00e9 de su madre. Puede que amor sea una palabra demasiado fuerte, pero no conozco ninguna m\u00e1s suave que pueda aplicarse.\u00bb As\u00ed comienza esta magistral novela, uno de los acontecimientos literarios del a\u00f1o. Alexander Clave es un viejo actor de teatro que recuerda su fugaz e intenso primer amor. Un rodaje cinematogr\u00e1fico le llevar\u00e1 a intimar con una joven y popular actriz cuya vida se ha asomado al abismo y al inesperado hallazgo de respuestas acerca del destino final de las mujeres que marcaron a fuego su vida.<\/p>\n","protected":false},"featured_media":5231,"comment_status":"closed","ping_status":"closed","template":"","meta":[],"class_list":{"0":"post-3153","1":"product","2":"type-product","3":"status-publish","4":"has-post-thumbnail","6":"product_cat-narrativa","7":"post","9":"first","10":"instock","11":"taxable","12":"shipping-taxable","13":"purchasable","14":"product-type-simple"},"_links":{"self":[{"href":"https:\/\/cienfuegos.fr\/index.php\/wp-json\/wp\/v2\/product\/3153","targetHints":{"allow":["GET"]}}],"collection":[{"href":"https:\/\/cienfuegos.fr\/index.php\/wp-json\/wp\/v2\/product"}],"about":[{"href":"https:\/\/cienfuegos.fr\/index.php\/wp-json\/wp\/v2\/types\/product"}],"replies":[{"embeddable":true,"href":"https:\/\/cienfuegos.fr\/index.php\/wp-json\/wp\/v2\/comments?post=3153"}],"wp:featuredmedia":[{"embeddable":true,"href":"https:\/\/cienfuegos.fr\/index.php\/wp-json\/wp\/v2\/media\/5231"}],"wp:attachment":[{"href":"https:\/\/cienfuegos.fr\/index.php\/wp-json\/wp\/v2\/media?parent=3153"}],"curies":[{"name":"wp","href":"https:\/\/api.w.org\/{rel}","templated":true}]}}