{"id":3151,"date":"2020-07-13T17:06:53","date_gmt":"2020-07-13T15:06:53","guid":{"rendered":"https:\/\/cienfuegos.fr\/?post_type=product&#038;p=3151"},"modified":"2020-09-04T01:36:08","modified_gmt":"2020-09-03T23:36:08","slug":"faster","status":"publish","type":"product","link":"https:\/\/cienfuegos.fr\/index.php\/product\/faster\/","title":{"rendered":"Faster"},"content":{"rendered":"","protected":false},"excerpt":{"rendered":"<p>Autor: Berti, Eduardo<br \/>\nEditorial: Impedimenta<br \/>\nA\u00f1o de publicaci\u00f3n: 2019<br \/>\nN\u00famero de p\u00e1ginas: 208<br \/>\nI.S.B.N:<\/p>\n<p>Con esa lentitud ideal que, seg\u00fan Fangio, equivale a la mejor velocidad, Eduardo Berti despliega una red de recuerdos, profundos y falsamente desordenados, para forjar un relato lleno de frescura y nostalgia sobre el paso de la ni\u00f1ez a la vida adulta.<br \/>\nBuenos Aires, finales de los a\u00f1os setenta. Dos adolescentes apasionados por los Beatles viajan a las afueras de la ciudad, rumbo a un concesionario de la Mercedes, en busca del gran mito de la F\u00f3rmula 1: Juan Manuel Fangio, el Chueco. Ese d\u00eda cambiar\u00e1 por siempre sus vidas. Desenfadada cr\u00f3nica personal, genial autobiograf\u00eda fragmentaria, Faster es un compendio de brev\u00edsimos episodios en los que Fangio y los Beatles (George Harrison, sobre todo) cumplen el rol de detonadores y el \u00abrecuerdo\u00bb se coloca en el centro de la diana. Siguiendo la estela de Perec, Eduardo Berti se entrega a un minucioso ejercicio de memoria que lo lleva a hablar sobre la velocidad de las carreras y de la vida (la velocidad a la que el mism\u00edsimo Harrison dedica su canci\u00f3n \u00abFaster\u00bb), sobre la amistad y la idolatr\u00eda, adem\u00e1s de retratar con emoci\u00f3n y fineza aquel momento en el que elegimos un destino que no es exactamente el mismo que hab\u00edan previsto o deseado nuestros padres.<\/p>\n","protected":false},"featured_media":0,"comment_status":"closed","ping_status":"closed","template":"","meta":[],"class_list":{"0":"post-3151","1":"product","2":"type-product","3":"status-publish","5":"product_cat-narrativa","6":"post","8":"first","9":"instock","10":"taxable","11":"shipping-taxable","12":"purchasable","13":"product-type-simple"},"_links":{"self":[{"href":"https:\/\/cienfuegos.fr\/index.php\/wp-json\/wp\/v2\/product\/3151","targetHints":{"allow":["GET"]}}],"collection":[{"href":"https:\/\/cienfuegos.fr\/index.php\/wp-json\/wp\/v2\/product"}],"about":[{"href":"https:\/\/cienfuegos.fr\/index.php\/wp-json\/wp\/v2\/types\/product"}],"replies":[{"embeddable":true,"href":"https:\/\/cienfuegos.fr\/index.php\/wp-json\/wp\/v2\/comments?post=3151"}],"wp:attachment":[{"href":"https:\/\/cienfuegos.fr\/index.php\/wp-json\/wp\/v2\/media?parent=3151"}],"curies":[{"name":"wp","href":"https:\/\/api.w.org\/{rel}","templated":true}]}}