{"id":3150,"date":"2020-07-13T17:06:51","date_gmt":"2020-07-13T15:06:51","guid":{"rendered":"https:\/\/cienfuegos.fr\/?post_type=product&#038;p=3150"},"modified":"2020-09-04T01:37:53","modified_gmt":"2020-09-03T23:37:53","slug":"vidas-de-hotel","status":"publish","type":"product","link":"https:\/\/cienfuegos.fr\/index.php\/product\/vidas-de-hotel\/","title":{"rendered":"Vidas de hotel"},"content":{"rendered":"","protected":false},"excerpt":{"rendered":"<p>Autor: Berdi, Eduardo (compilador)<br \/>\nEditorial: Adriana Hidalgo<br \/>\nA\u00f1o de publicaci\u00f3n: 2017<br \/>\nN\u00famero de p\u00e1ginas: 352<br \/>\nI.S.B.N:<\/p>\n<p>Vidas de hotel presenta este universo en sus m\u00faltiples variantes: la habitaci\u00f3n de hotel como s\u00edmbolo de refugio o de encierro, como lugar secreto para lo prohibido, como morada para lo exc\u00e9ntrico o lo siniestro, como hogar fuera del hogar, como escenario para cr\u00edmenes o infidelidades, como escondite para un pr\u00f3fugo, como marca o indicio social, etc\u00e9tera. Seg\u00fan Bertolt Brecht, \u201chabitar en un hotel significa concebir lavida como una novela\u201d. El car\u00e1cter literario de los hoteles es cosa sabida. Los encuentros \u201csorprendentes y deliciosos\u201d, afirm\u00f3 Maupassant, se producen mejor \u201cen un tren, en un hotel o en un lugar de vacaciones\u201d; es decir, fuera de lo cotidiano. La antolog\u00eda abarca desde la pesadilla cotidiana (Dino Buzzati) o el absurdo (Slawomir Mro ek) hasta el oscuro nacimiento de un centro para viajeros (William Trevor); desde una crisis de pareja (Juan Jos\u00e9 Saer) hasta los inquietantes paralelismos entre diferentes hoteles (Ricardo Piglia). Los relatos de Julio Cort\u00e1zar y Roald Dahl muestran formas de renovar la tradici\u00f3n de hoteles amenazantes que tan bien cultivara el maestro de ghost stories M.R. James. Tampoco faltan cuentos cl\u00e1sicos de Ch\u00e9jov, Joyce, Saki, Mansfield, O. Henry, Pirandello o Allais junto a autores a descubrir como Stephen Dixon o Jacques Sternberg.<\/p>\n","protected":false},"featured_media":0,"comment_status":"closed","ping_status":"closed","template":"","meta":[],"class_list":{"0":"post-3150","1":"product","2":"type-product","3":"status-publish","5":"product_cat-narrativa","6":"post","8":"first","9":"instock","10":"taxable","11":"shipping-taxable","12":"purchasable","13":"product-type-simple"},"_links":{"self":[{"href":"https:\/\/cienfuegos.fr\/index.php\/wp-json\/wp\/v2\/product\/3150","targetHints":{"allow":["GET"]}}],"collection":[{"href":"https:\/\/cienfuegos.fr\/index.php\/wp-json\/wp\/v2\/product"}],"about":[{"href":"https:\/\/cienfuegos.fr\/index.php\/wp-json\/wp\/v2\/types\/product"}],"replies":[{"embeddable":true,"href":"https:\/\/cienfuegos.fr\/index.php\/wp-json\/wp\/v2\/comments?post=3150"}],"wp:attachment":[{"href":"https:\/\/cienfuegos.fr\/index.php\/wp-json\/wp\/v2\/media?parent=3150"}],"curies":[{"name":"wp","href":"https:\/\/api.w.org\/{rel}","templated":true}]}}