{"id":3135,"date":"2020-07-13T17:06:29","date_gmt":"2020-07-13T15:06:29","guid":{"rendered":"https:\/\/cienfuegos.fr\/?post_type=product&#038;p=3135"},"modified":"2020-09-04T02:08:45","modified_gmt":"2020-09-04T00:08:45","slug":"noches-sin-noche-y-algunos-dias-sin-dia","status":"publish","type":"product","link":"https:\/\/cienfuegos.fr\/index.php\/product\/noches-sin-noche-y-algunos-dias-sin-dia\/","title":{"rendered":"Noches sin noche y algunos d\u00edas sin d\u00eda"},"content":{"rendered":"","protected":false},"excerpt":{"rendered":"<p>Autor: Leiris, Michel<br \/>\nEditorial: Sexto Piso<br \/>\nA\u00f1o de publicaci\u00f3n: 2017<br \/>\nN\u00famero de p\u00e1ginas: 248<br \/>\nI.S.B.N:<\/p>\n<p>Melod\u00edas que no volveremos a escuchar, mujeres cuyo rostro atisbamos en los espejismos y a las que en vano buscaremos por las calles de la realidad, viajes imposibles, tristezas sin nombre, terrores que se hunden en lo m\u00e1s hondo de nuestro ser. Entre el asombro ante un continente siempre mutante y por explorar, con sus propias leyes, y un costumbrismo on\u00edrico no exento de un humor surrealista, \u00abNoches sin noche y algunos d\u00edas sin d\u00eda\u00bb, diario de sue\u00f1os de Leiris que abarca varias d\u00e9cadas de la vida de su autor, se acerca de un modo fascinante a esa existencia paralela que todos llevamos de noche. Los sue\u00f1os son lo m\u00e1s \u00edntimo y lo m\u00e1s extra\u00f1o que poseemos, y nuestra relaci\u00f3n con ellos es tambi\u00e9n ambigua. *** Nota: Los env\u00edos a Espa\u00f1a peninsular, Baleares y Canarias se realizan a trav\u00e9s de mensajer\u00eda urgente. No aceptamos pedidos con destino a Ceuta y Melilla.<\/p>\n","protected":false},"featured_media":0,"comment_status":"closed","ping_status":"closed","template":"","meta":[],"class_list":{"0":"post-3135","1":"product","2":"type-product","3":"status-publish","5":"product_cat-poesia","6":"post","8":"first","9":"instock","10":"taxable","11":"shipping-taxable","12":"purchasable","13":"product-type-simple"},"_links":{"self":[{"href":"https:\/\/cienfuegos.fr\/index.php\/wp-json\/wp\/v2\/product\/3135","targetHints":{"allow":["GET"]}}],"collection":[{"href":"https:\/\/cienfuegos.fr\/index.php\/wp-json\/wp\/v2\/product"}],"about":[{"href":"https:\/\/cienfuegos.fr\/index.php\/wp-json\/wp\/v2\/types\/product"}],"replies":[{"embeddable":true,"href":"https:\/\/cienfuegos.fr\/index.php\/wp-json\/wp\/v2\/comments?post=3135"}],"wp:attachment":[{"href":"https:\/\/cienfuegos.fr\/index.php\/wp-json\/wp\/v2\/media?parent=3135"}],"curies":[{"name":"wp","href":"https:\/\/api.w.org\/{rel}","templated":true}]}}