{"id":3113,"date":"2020-07-13T17:05:47","date_gmt":"2020-07-13T15:05:47","guid":{"rendered":"https:\/\/cienfuegos.fr\/?post_type=product&#038;p=3113"},"modified":"2020-09-12T16:18:10","modified_gmt":"2020-09-12T14:18:10","slug":"encuentros-con-silvina-ocampo","status":"publish","type":"product","link":"https:\/\/cienfuegos.fr\/index.php\/product\/encuentros-con-silvina-ocampo\/","title":{"rendered":"Encuentros con Silvina Ocampo"},"content":{"rendered":"","protected":false},"excerpt":{"rendered":"<p>Autor: Ulla, Noem\u00ed<br \/>\nEditorial: Editorial de Belgrano<br \/>\nA\u00f1o de publicaci\u00f3n: 1982<br \/>\nN\u00famero de p\u00e1ginas: 160<br \/>\nI.S.B.N:<\/p>\n<p>La charla \u00edntima entre las escritoras Silvina Ocampo y Noem\u00ed Ulla transcurre densa, ins\u00f3lita, y revela los momentos decisivos de la vida literaria de la autora de La furia, quien conversa sobre su formaci\u00f3n, sus preferencias, su vivir para la literatura y el arte.<\/p>\n","protected":false},"featured_media":5377,"comment_status":"closed","ping_status":"closed","template":"","meta":[],"class_list":{"0":"post-3113","1":"product","2":"type-product","3":"status-publish","4":"has-post-thumbnail","6":"product_cat-reportaje","7":"post","9":"first","10":"outofstock","11":"taxable","12":"shipping-taxable","13":"purchasable","14":"product-type-simple"},"_links":{"self":[{"href":"https:\/\/cienfuegos.fr\/index.php\/wp-json\/wp\/v2\/product\/3113","targetHints":{"allow":["GET"]}}],"collection":[{"href":"https:\/\/cienfuegos.fr\/index.php\/wp-json\/wp\/v2\/product"}],"about":[{"href":"https:\/\/cienfuegos.fr\/index.php\/wp-json\/wp\/v2\/types\/product"}],"replies":[{"embeddable":true,"href":"https:\/\/cienfuegos.fr\/index.php\/wp-json\/wp\/v2\/comments?post=3113"}],"wp:featuredmedia":[{"embeddable":true,"href":"https:\/\/cienfuegos.fr\/index.php\/wp-json\/wp\/v2\/media\/5377"}],"wp:attachment":[{"href":"https:\/\/cienfuegos.fr\/index.php\/wp-json\/wp\/v2\/media?parent=3113"}],"curies":[{"name":"wp","href":"https:\/\/api.w.org\/{rel}","templated":true}]}}