{"id":3100,"date":"2020-07-13T17:05:28","date_gmt":"2020-07-13T15:05:28","guid":{"rendered":"https:\/\/cienfuegos.fr\/?post_type=product&#038;p=3100"},"modified":"2020-09-04T05:51:49","modified_gmt":"2020-09-04T03:51:49","slug":"el-clan-braniff","status":"publish","type":"product","link":"https:\/\/cienfuegos.fr\/index.php\/product\/el-clan-braniff\/","title":{"rendered":"El clan Braniff"},"content":{"rendered":"","protected":false},"excerpt":{"rendered":"<p>Autor: Celed\u00f3n, Mat\u00edas<br \/>\nEditorial: Hueders<br \/>\nA\u00f1o de publicaci\u00f3n: 2018<br \/>\nN\u00famero de p\u00e1ginas: 207<br \/>\nI.S.B.N: 9789563651096<\/p>\n<p>A cinto a\u00f1os del asesinato de Orlando Letelier en Washington, un ex agente de la DINA implicado en el atentado vuelve a Estados Unidos para coordinar una millonaria operaci\u00f3n de contrabando de coca\u00edna que involucra a varios militares y civiles partidarios de la dictadura, incluido un hijo de Pinochet. Bob es consciente de lo peligrosa que resulta esta misi\u00f3n, m\u00e1s a\u00fan cuando el respaldo del gobierno estadounidense se ha deteriorado desde que las autoridades chilenas se negaron a extraditar a Manuel Contreras. Sus temores aumentan al saber que en la operaci\u00f3n est\u00e1 involucrado Bill, un viejo compa\u00f1ero de armas que trabaja infiltrado en el Consulado de Chile en Los Angeles y que podr\u00eda estar entregando informaci\u00f3n al FBI con el objetivo de convertirse en testigo protegido.<\/p>\n","protected":false},"featured_media":5314,"comment_status":"closed","ping_status":"closed","template":"","meta":[],"class_list":{"0":"post-3100","1":"product","2":"type-product","3":"status-publish","4":"has-post-thumbnail","6":"product_cat-narrativa","7":"post","9":"first","10":"instock","11":"taxable","12":"shipping-taxable","13":"purchasable","14":"product-type-simple"},"_links":{"self":[{"href":"https:\/\/cienfuegos.fr\/index.php\/wp-json\/wp\/v2\/product\/3100","targetHints":{"allow":["GET"]}}],"collection":[{"href":"https:\/\/cienfuegos.fr\/index.php\/wp-json\/wp\/v2\/product"}],"about":[{"href":"https:\/\/cienfuegos.fr\/index.php\/wp-json\/wp\/v2\/types\/product"}],"replies":[{"embeddable":true,"href":"https:\/\/cienfuegos.fr\/index.php\/wp-json\/wp\/v2\/comments?post=3100"}],"wp:featuredmedia":[{"embeddable":true,"href":"https:\/\/cienfuegos.fr\/index.php\/wp-json\/wp\/v2\/media\/5314"}],"wp:attachment":[{"href":"https:\/\/cienfuegos.fr\/index.php\/wp-json\/wp\/v2\/media?parent=3100"}],"curies":[{"name":"wp","href":"https:\/\/api.w.org\/{rel}","templated":true}]}}