{"id":3095,"date":"2020-07-13T17:05:21","date_gmt":"2020-07-13T15:05:21","guid":{"rendered":"https:\/\/cienfuegos.fr\/?post_type=product&#038;p=3095"},"modified":"2020-09-04T06:00:38","modified_gmt":"2020-09-04T04:00:38","slug":"pirotecnia","status":"publish","type":"product","link":"https:\/\/cienfuegos.fr\/index.php\/product\/pirotecnia\/","title":{"rendered":"Pirotecnia"},"content":{"rendered":"<p>.<\/p>\n","protected":false},"excerpt":{"rendered":"<p>Autor: Mundy, Hilda<br \/>\nEditorial: Los libros de la mujer rota<br \/>\nA\u00f1o de publicaci\u00f3n: 2015<br \/>\nN\u00famero de p\u00e1ginas: 114<br \/>\nI.S.B.N:<\/p>\n<p>Ensayo miedoso de literatura ultra\u00edsta es el \u00fanico libro que Hilda Mundy (1912, Oruro \u2013 La Paz, 1982), periodista y escritora vanguardista, rebelde y feminista, public\u00f3 en vida. Fue una de las pocas escritoras de vanguardias de Am\u00e9rica Latina, junto con Magda Portal (Per\u00fa) y Mar\u00eda Luisa Bombal (Chile). Edmundo Paz Sold\u00e1n nos muestra en su pr\u00f3logo c\u00f3mo este libro fue olvidado hasta que se rescat\u00f3 el a\u00f1o 2004 en una edici\u00f3n boliviana, en donde \u201c\u2026sus sesenta textos en prosa tratan de atrapar el ruido de la urbe en el nuevo siglo, producto de transformaciones tecnol\u00f3gicas, y los cambios de sensibilidad y de conducta de una modernidad incipiente en algunas ciudades en el occidente del pa\u00eds, entre los que se cuentan un rechazo al contrato matrimonial y los nuevos roles a los que aspira la mujer\u2026\u201d.<\/p>\n","protected":false},"featured_media":0,"comment_status":"closed","ping_status":"closed","template":"","meta":[],"class_list":{"0":"post-3095","1":"product","2":"type-product","3":"status-publish","5":"product_cat-narrativa","6":"post","8":"first","9":"instock","10":"taxable","11":"shipping-taxable","12":"purchasable","13":"product-type-simple"},"_links":{"self":[{"href":"https:\/\/cienfuegos.fr\/index.php\/wp-json\/wp\/v2\/product\/3095","targetHints":{"allow":["GET"]}}],"collection":[{"href":"https:\/\/cienfuegos.fr\/index.php\/wp-json\/wp\/v2\/product"}],"about":[{"href":"https:\/\/cienfuegos.fr\/index.php\/wp-json\/wp\/v2\/types\/product"}],"replies":[{"embeddable":true,"href":"https:\/\/cienfuegos.fr\/index.php\/wp-json\/wp\/v2\/comments?post=3095"}],"wp:attachment":[{"href":"https:\/\/cienfuegos.fr\/index.php\/wp-json\/wp\/v2\/media?parent=3095"}],"curies":[{"name":"wp","href":"https:\/\/api.w.org\/{rel}","templated":true}]}}