{"id":3070,"date":"2020-07-13T17:04:43","date_gmt":"2020-07-13T15:04:43","guid":{"rendered":"https:\/\/cienfuegos.fr\/?post_type=product&#038;p=3070"},"modified":"2020-12-11T19:24:09","modified_gmt":"2020-12-11T18:24:09","slug":"llamadas-de-amsterdam","status":"publish","type":"product","link":"https:\/\/cienfuegos.fr\/index.php\/product\/llamadas-de-amsterdam\/","title":{"rendered":"Llamadas de Amsterdam"},"content":{"rendered":"","protected":false},"excerpt":{"rendered":"<p>Autor: Villoro, Juan<br \/>\nEditorial: Cien Fuegos<br \/>\nA\u00f1o de publicaci\u00f3n: 2019<br \/>\nN\u00famero de p\u00e1ginas: 72<br \/>\nI.S.B.N :<\/p>\n<p>Llamadas de Amsterdam es una extraordinaria historia de amor. En esta novela breve, los protagonistas inventan una realidad alterna, hecha de llamadas telef\u00f3nicas, para brindarle una segunda oportunidad a sus deseos. Ante la a\u00f1oranza de lo que han perdido, hacen de un pa\u00eds imaginario su m\u00e1s genuino sitio de reuni\u00f3n. En los grandes romances los sentimientos son m\u00e1s intensos que los hechos. Llamadas de Amsterdam comprueba esta sentencia.<\/p>\n","protected":false},"featured_media":5489,"comment_status":"closed","ping_status":"closed","template":"","meta":[],"class_list":{"0":"post-3070","1":"product","2":"type-product","3":"status-publish","4":"has-post-thumbnail","6":"product_cat-narrativa","7":"post","9":"first","10":"instock","11":"featured","12":"taxable","13":"shipping-taxable","14":"purchasable","15":"product-type-simple"},"_links":{"self":[{"href":"https:\/\/cienfuegos.fr\/index.php\/wp-json\/wp\/v2\/product\/3070","targetHints":{"allow":["GET"]}}],"collection":[{"href":"https:\/\/cienfuegos.fr\/index.php\/wp-json\/wp\/v2\/product"}],"about":[{"href":"https:\/\/cienfuegos.fr\/index.php\/wp-json\/wp\/v2\/types\/product"}],"replies":[{"embeddable":true,"href":"https:\/\/cienfuegos.fr\/index.php\/wp-json\/wp\/v2\/comments?post=3070"}],"wp:featuredmedia":[{"embeddable":true,"href":"https:\/\/cienfuegos.fr\/index.php\/wp-json\/wp\/v2\/media\/5489"}],"wp:attachment":[{"href":"https:\/\/cienfuegos.fr\/index.php\/wp-json\/wp\/v2\/media?parent=3070"}],"curies":[{"name":"wp","href":"https:\/\/api.w.org\/{rel}","templated":true}]}}