{"id":3033,"date":"2020-07-13T17:03:46","date_gmt":"2020-07-13T15:03:46","guid":{"rendered":"https:\/\/cienfuegos.fr\/?post_type=product&#038;p=3033"},"modified":"2020-09-05T22:11:31","modified_gmt":"2020-09-05T20:11:31","slug":"la-perla-del-emperador-2","status":"publish","type":"product","link":"https:\/\/cienfuegos.fr\/index.php\/product\/la-perla-del-emperador-2\/","title":{"rendered":"La perla del emperador"},"content":{"rendered":"","protected":false},"excerpt":{"rendered":"<p>Autor: Guebel, Daniel<br \/>\nEditorial: Emec\u00e9<br \/>\nA\u00f1o de publicaci\u00f3n: 1990<br \/>\nN\u00famero de p\u00e1ginas:<br \/>\nI.S.B.N: 9789500409711<\/p>\n<p>Primera edici\u00f3n. En pleno coraz\u00f3n de la Malasia, una bell\u00edsima mujer blanca recibe la visita de un misterioso chino que le propone apoderarse de una perla legendaria. En su b\u00fasqueda se ven envueltos, entre otros, un pescador y un opi\u00f3mano, un capit\u00e1n de barco, el Shah de Persia, eunucos y ballenas. Como en Las mil y una noches o en los libros de Roussel y Salgari, en esta novela aparecen y se desvanecen mundos donde alienta el ansia de la inmortalidad y el amor por los viajes, donde palpita el deseo y la melancol\u00eda. Es un laberinto en el que Oriente y Occidente se confunden y se vuelven -en un nuevo espejismo- argentinos. La Perla del Emperador obtuvo el Premio Emec\u00e9 1989-1990 por el voto un\u00e1nime del jurado integrado por C\u00e9sar Aira, Tom\u00e1s Eloy Mart\u00ednez y Abel Posse.<\/p>\n","protected":false},"featured_media":5461,"comment_status":"closed","ping_status":"closed","template":"","meta":[],"class_list":{"0":"post-3033","1":"product","2":"type-product","3":"status-publish","4":"has-post-thumbnail","6":"product_cat-narrativa","7":"post","9":"first","10":"instock","11":"taxable","12":"shipping-taxable","13":"purchasable","14":"product-type-simple"},"_links":{"self":[{"href":"https:\/\/cienfuegos.fr\/index.php\/wp-json\/wp\/v2\/product\/3033","targetHints":{"allow":["GET"]}}],"collection":[{"href":"https:\/\/cienfuegos.fr\/index.php\/wp-json\/wp\/v2\/product"}],"about":[{"href":"https:\/\/cienfuegos.fr\/index.php\/wp-json\/wp\/v2\/types\/product"}],"replies":[{"embeddable":true,"href":"https:\/\/cienfuegos.fr\/index.php\/wp-json\/wp\/v2\/comments?post=3033"}],"wp:featuredmedia":[{"embeddable":true,"href":"https:\/\/cienfuegos.fr\/index.php\/wp-json\/wp\/v2\/media\/5461"}],"wp:attachment":[{"href":"https:\/\/cienfuegos.fr\/index.php\/wp-json\/wp\/v2\/media?parent=3033"}],"curies":[{"name":"wp","href":"https:\/\/api.w.org\/{rel}","templated":true}]}}