{"id":3030,"date":"2020-07-13T17:03:41","date_gmt":"2020-07-13T15:03:41","guid":{"rendered":"https:\/\/cienfuegos.fr\/?post_type=product&#038;p=3030"},"modified":"2020-09-05T22:24:11","modified_gmt":"2020-09-05T20:24:11","slug":"los-cuatro-peronismos-2","status":"publish","type":"product","link":"https:\/\/cienfuegos.fr\/index.php\/product\/los-cuatro-peronismos-2\/","title":{"rendered":"Los cuatro peronismos"},"content":{"rendered":"","protected":false},"excerpt":{"rendered":"<p>Autor: Horowicz, Alejandro<br \/>\nEditorial: Hyspamerica<br \/>\nA\u00f1o de publicaci\u00f3n: 1986<br \/>\nN\u00famero de p\u00e1ginas:<br \/>\nI.S.B.N:<\/p>\n<p>En seis d\u00e9cadas de existencia el peronismo ha virado a la centroizquierda, a la centroderecha y a la derecha, ha cobijado a los Montoneros y a la Triple A, ha sido un f\u00e9rreo defensor del Estado de bienestar y tambi\u00e9n lo ha desmontado.<br \/>\nAl cabo de este devenir, y sin excluir nuevas mutaciones en el futuro, sobresale una pregunta: \u00bfqu\u00e9 es finalmente el peronismo? \u00bfQu\u00e9 ha sucedido con la pol\u00edtica argentina desde su aparici\u00f3n? Pocos libros han logrado dar una respuesta tan clara, vigente y definitiva a este interrogante como Los cuatro peronismos, de Alejandro Horowicz.<\/p>\n","protected":false},"featured_media":5493,"comment_status":"closed","ping_status":"closed","template":"","meta":[],"class_list":{"0":"post-3030","1":"product","2":"type-product","3":"status-publish","4":"has-post-thumbnail","6":"product_cat-historia","7":"product_cat-politica","8":"post","10":"first","11":"instock","12":"taxable","13":"shipping-taxable","14":"purchasable","15":"product-type-simple"},"_links":{"self":[{"href":"https:\/\/cienfuegos.fr\/index.php\/wp-json\/wp\/v2\/product\/3030","targetHints":{"allow":["GET"]}}],"collection":[{"href":"https:\/\/cienfuegos.fr\/index.php\/wp-json\/wp\/v2\/product"}],"about":[{"href":"https:\/\/cienfuegos.fr\/index.php\/wp-json\/wp\/v2\/types\/product"}],"replies":[{"embeddable":true,"href":"https:\/\/cienfuegos.fr\/index.php\/wp-json\/wp\/v2\/comments?post=3030"}],"wp:featuredmedia":[{"embeddable":true,"href":"https:\/\/cienfuegos.fr\/index.php\/wp-json\/wp\/v2\/media\/5493"}],"wp:attachment":[{"href":"https:\/\/cienfuegos.fr\/index.php\/wp-json\/wp\/v2\/media?parent=3030"}],"curies":[{"name":"wp","href":"https:\/\/api.w.org\/{rel}","templated":true}]}}