{"id":3013,"date":"2020-07-13T17:03:16","date_gmt":"2020-07-13T15:03:16","guid":{"rendered":"https:\/\/cienfuegos.fr\/?post_type=product&#038;p=3013"},"modified":"2020-08-09T00:38:00","modified_gmt":"2020-08-08T22:38:00","slug":"el-idioma-de-los-argentinos-el-idioma-de-buenos-aires-2","status":"publish","type":"product","link":"https:\/\/cienfuegos.fr\/index.php\/product\/el-idioma-de-los-argentinos-el-idioma-de-buenos-aires-2\/","title":{"rendered":"El idioma de los argentinos\/El idioma de Buenos Aires"},"content":{"rendered":"","protected":false},"excerpt":{"rendered":"<p>Autor: Borges, Jorge Luis; Clemente, Jos\u00e9 Edmundo<br \/>\nEditorial: Pe\u00f1a, Del Gi\u00fadice<br \/>\nA\u00f1o de publicaci\u00f3n: 1953<br \/>\nN\u00famero de p\u00e1ginas: 60<br \/>\nI.S.B.N:<\/p>\n<p>Pe\u00f1a, Del Giudice &#8211; Editores, 1953. Encuadernaci\u00f3n de tapa blanda. Condici\u00f3n: Bien. Encuadernaci\u00f3n original de editorial. Cubiertas en buenas condiciones.<\/p>\n","protected":false},"featured_media":4748,"comment_status":"closed","ping_status":"closed","template":"","meta":[],"class_list":{"0":"post-3013","1":"product","2":"type-product","3":"status-publish","4":"has-post-thumbnail","6":"product_cat-ensayo","7":"product_cat-narrativa-coleccionables","8":"post","10":"first","11":"instock","12":"taxable","13":"shipping-taxable","14":"purchasable","15":"product-type-simple"},"_links":{"self":[{"href":"https:\/\/cienfuegos.fr\/index.php\/wp-json\/wp\/v2\/product\/3013","targetHints":{"allow":["GET"]}}],"collection":[{"href":"https:\/\/cienfuegos.fr\/index.php\/wp-json\/wp\/v2\/product"}],"about":[{"href":"https:\/\/cienfuegos.fr\/index.php\/wp-json\/wp\/v2\/types\/product"}],"replies":[{"embeddable":true,"href":"https:\/\/cienfuegos.fr\/index.php\/wp-json\/wp\/v2\/comments?post=3013"}],"wp:featuredmedia":[{"embeddable":true,"href":"https:\/\/cienfuegos.fr\/index.php\/wp-json\/wp\/v2\/media\/4748"}],"wp:attachment":[{"href":"https:\/\/cienfuegos.fr\/index.php\/wp-json\/wp\/v2\/media?parent=3013"}],"curies":[{"name":"wp","href":"https:\/\/api.w.org\/{rel}","templated":true}]}}