{"id":299414,"date":"2025-10-07T16:38:03","date_gmt":"2025-10-07T14:38:03","guid":{"rendered":"https:\/\/cienfuegos.fr\/?post_type=product&#038;p=299414"},"modified":"2026-03-23T15:12:10","modified_gmt":"2026-03-23T14:12:10","slug":"el-eternauta","status":"publish","type":"product","link":"https:\/\/cienfuegos.fr\/index.php\/product\/el-eternauta\/","title":{"rendered":"El eternauta"},"content":{"rendered":"","protected":false},"excerpt":{"rendered":"<p><span class=\"a-text-italic\">El Eternauta<\/span>\u00a0es la primera novela gr\u00e1fica en espa\u00f1ol y la m\u00e1s importante para el mundo hispanoamericano. Obra cumbre de la ciencia ficci\u00f3n, fue publicada originalmente en Argentina como una serie de 106 entregas desde 1957 a 1959, en la revista\u00a0<span class=\"a-text-italic\">Hora Cero Semanal<\/span>.<br \/>\nPara esta edici\u00f3n definitiva, revisada y corregida, se han retocado m\u00e1s de cincuenta ilustraciones sin alterar el esp\u00edritu original de la obra, con la intenci\u00f3n de optimizar su calidad visual, potencia y continuidad gr\u00e1fica.<br \/>\nCon su vitalidad narrativa, su vigor pol\u00edtico y su peso iconogr\u00e1fico intactos, nos complace presentar la multipremiada historia que influenci\u00f3 a m\u00e1s de cinco generaciones de lectores alrededor de todo el mundo.<\/p>\n","protected":false},"featured_media":299415,"comment_status":"open","ping_status":"closed","template":"","meta":[],"class_list":{"0":"post-299414","1":"product","2":"type-product","3":"status-publish","4":"has-post-thumbnail","6":"product_cat-uncategorized","7":"product_cat-novedades","8":"post","10":"first","11":"onbackorder","12":"taxable","13":"shipping-taxable","14":"purchasable","15":"product-type-simple"},"_links":{"self":[{"href":"https:\/\/cienfuegos.fr\/index.php\/wp-json\/wp\/v2\/product\/299414","targetHints":{"allow":["GET"]}}],"collection":[{"href":"https:\/\/cienfuegos.fr\/index.php\/wp-json\/wp\/v2\/product"}],"about":[{"href":"https:\/\/cienfuegos.fr\/index.php\/wp-json\/wp\/v2\/types\/product"}],"replies":[{"embeddable":true,"href":"https:\/\/cienfuegos.fr\/index.php\/wp-json\/wp\/v2\/comments?post=299414"}],"wp:featuredmedia":[{"embeddable":true,"href":"https:\/\/cienfuegos.fr\/index.php\/wp-json\/wp\/v2\/media\/299415"}],"wp:attachment":[{"href":"https:\/\/cienfuegos.fr\/index.php\/wp-json\/wp\/v2\/media?parent=299414"}],"curies":[{"name":"wp","href":"https:\/\/api.w.org\/{rel}","templated":true}]}}