{"id":2967,"date":"2020-07-13T17:02:06","date_gmt":"2020-07-13T15:02:06","guid":{"rendered":"https:\/\/cienfuegos.fr\/?post_type=product&#038;p=2967"},"modified":"2020-08-09T00:52:29","modified_gmt":"2020-08-08T22:52:29","slug":"fuera-de-campo-retratos-de-escritores-chilenos-2","status":"publish","type":"product","link":"https:\/\/cienfuegos.fr\/index.php\/product\/fuera-de-campo-retratos-de-escritores-chilenos-2\/","title":{"rendered":"Fuera de campo. Retratos de escritores chilenos"},"content":{"rendered":"","protected":false},"excerpt":{"rendered":"<p>Autor: Vicu\u00f1a, Manuel<br \/>\nEditorial: Hueders<br \/>\nA\u00f1o de publicaci\u00f3n:<br \/>\nN\u00famero de p\u00e1ginas:<br \/>\nI.S.B.N : 9789568935313<\/p>\n<p>\u00abHistoriador del pa\u00eds formal en numerosas p\u00e1ginas, esta obra de Manuel Vicu\u00f1a est\u00e1 escrita desde la acera contraria, propia de la subjetividad, dando pie a una galer\u00eda de personajes exc\u00e9ntricos de nuestras letras, fugados de los orbes establecidos por la tradici\u00f3n: Carlos Pezoa V\u00e9liz, Tancredo Pinochet, Joaqu\u00edn Edwards Bello, Marta Vergara, Alfredo G\u00f3mez Morel, Eugenio Lira Massi y Mauricio Wacquez. Observado cada uno en sus contornos, hoy algunos lejanos, queda de manifiesto, sin embargo, cuan propias fueron sus rupturas, pero que, como unos deshielos errabundos, no han regado a\u00fan por completo la tierra seca que habitamos\u00bb. Germ\u00e1n Mar\u00edn<\/p>\n","protected":false},"featured_media":4706,"comment_status":"closed","ping_status":"closed","template":"","meta":[],"class_list":{"0":"post-2967","1":"product","2":"type-product","3":"status-publish","4":"has-post-thumbnail","6":"product_cat-ensayo","7":"post","9":"first","10":"instock","11":"taxable","12":"shipping-taxable","13":"purchasable","14":"product-type-simple"},"_links":{"self":[{"href":"https:\/\/cienfuegos.fr\/index.php\/wp-json\/wp\/v2\/product\/2967","targetHints":{"allow":["GET"]}}],"collection":[{"href":"https:\/\/cienfuegos.fr\/index.php\/wp-json\/wp\/v2\/product"}],"about":[{"href":"https:\/\/cienfuegos.fr\/index.php\/wp-json\/wp\/v2\/types\/product"}],"replies":[{"embeddable":true,"href":"https:\/\/cienfuegos.fr\/index.php\/wp-json\/wp\/v2\/comments?post=2967"}],"wp:featuredmedia":[{"embeddable":true,"href":"https:\/\/cienfuegos.fr\/index.php\/wp-json\/wp\/v2\/media\/4706"}],"wp:attachment":[{"href":"https:\/\/cienfuegos.fr\/index.php\/wp-json\/wp\/v2\/media?parent=2967"}],"curies":[{"name":"wp","href":"https:\/\/api.w.org\/{rel}","templated":true}]}}