{"id":2962,"date":"2020-07-13T17:01:58","date_gmt":"2020-07-13T15:01:58","guid":{"rendered":"https:\/\/cienfuegos.fr\/?post_type=product&#038;p=2962"},"modified":"2020-08-09T00:39:00","modified_gmt":"2020-08-08T22:39:00","slug":"el-guaren-2","status":"publish","type":"product","link":"https:\/\/cienfuegos.fr\/index.php\/product\/el-guaren-2\/","title":{"rendered":"El Guar\u00e9n &#8211; Historia de un guardaespaldas"},"content":{"rendered":"","protected":false},"excerpt":{"rendered":"<p>Autor: Mar\u00edn, Germ\u00e1n<br \/>\nEditorial: Fondo de Cultura Econ\u00f3mica<br \/>\nA\u00f1o de publicaci\u00f3n:<br \/>\nN\u00famero de p\u00e1ginas:<br \/>\nI.S.B.N : 9789562890984<\/p>\n<p>Cuando parece que ya nada logra sorprender en una narraci\u00f3n, Germ\u00e1n Mar\u00edn lo consigue una vez m\u00e1s con El Guar\u00e9n, un relato reconcentrado, fiero, inclemente, donde se unen los extremos m\u00e1s terribles de la soledad y la ausencia de calor humano. William Araya, un desheredado de La Pincoya, s\u00f3lo conoce en su ascenso social \u2013Gendarmer\u00eda, la CNI y un puesto como guardaespaldas\u2013 lo \u00fanico que le es dado conocer, es decir, servirse de los dem\u00e1s si puede hacerlo o ser usado por los dem\u00e1s la mayor parte del tiempo. Sin expectativas, sin postizas ilusiones, sin olvidar jam\u00e1s sus or\u00edgenes, el Guar\u00e9n recorre un amplio espectro social, que es una violenta met\u00e1fora del Chile de hoy, en el que el hampa y la riqueza, el poder y el desamparo, el crimen y la respetabilidad pasan a ser lo mismo, y se encarnan en este joven cuya conciencia destila una extra\u00f1a lucidez y una inquietante clarividencia para entender el mundo, al margen de la fraseolog\u00eda y la ret\u00f3rica al uso. En su relampagueante trayectoria de lumpen, delincuente y ciudadano a sueldo que terminar\u00e1 sucumbiendo bajo las mismas fuerzas que \u00e9l desat\u00f3, Mar\u00edn retoma algunos temas previos, pero, de nuevo, los rehace y nos muestra lo que nunca vemos, porque no queremos verlo, a pesar de que ha estado siempre a la vista. Puede ser el mal sin apelaci\u00f3n, la ca\u00edda irremisible de los condenados o la satisfecha vida de los imb\u00e9ciles; aun as\u00ed, en este c\u00famulo de exasperante miseria, hay belleza y hay esplendor, por m\u00e1s que surjan de pantanos y basurales. Escrita en la prosa descoyuntada y l\u00edrica que \u00fanicamente Mar\u00edn sabe emplear sin ser repetitivo, esta novela corta es fruto de una vocaci\u00f3n inquebrantable y tambi\u00e9n producto de una mente pose\u00edda por inagotables impulsos \u00e9ticos y est\u00e9ticos.<\/p>\n","protected":false},"featured_media":4701,"comment_status":"closed","ping_status":"closed","template":"","meta":[],"class_list":{"0":"post-2962","1":"product","2":"type-product","3":"status-publish","4":"has-post-thumbnail","6":"product_cat-narrativa","7":"post","9":"first","10":"instock","11":"taxable","12":"shipping-taxable","13":"purchasable","14":"product-type-simple"},"_links":{"self":[{"href":"https:\/\/cienfuegos.fr\/index.php\/wp-json\/wp\/v2\/product\/2962","targetHints":{"allow":["GET"]}}],"collection":[{"href":"https:\/\/cienfuegos.fr\/index.php\/wp-json\/wp\/v2\/product"}],"about":[{"href":"https:\/\/cienfuegos.fr\/index.php\/wp-json\/wp\/v2\/types\/product"}],"replies":[{"embeddable":true,"href":"https:\/\/cienfuegos.fr\/index.php\/wp-json\/wp\/v2\/comments?post=2962"}],"wp:featuredmedia":[{"embeddable":true,"href":"https:\/\/cienfuegos.fr\/index.php\/wp-json\/wp\/v2\/media\/4701"}],"wp:attachment":[{"href":"https:\/\/cienfuegos.fr\/index.php\/wp-json\/wp\/v2\/media?parent=2962"}],"curies":[{"name":"wp","href":"https:\/\/api.w.org\/{rel}","templated":true}]}}