{"id":2953,"date":"2020-07-13T17:01:44","date_gmt":"2020-07-13T15:01:44","guid":{"rendered":"https:\/\/cienfuegos.fr\/?post_type=product&#038;p=2953"},"modified":"2020-08-01T19:23:46","modified_gmt":"2020-08-01T17:23:46","slug":"la-vida-descalzo-2","status":"publish","type":"product","link":"https:\/\/cienfuegos.fr\/index.php\/product\/la-vida-descalzo-2\/","title":{"rendered":"La vida descalzo"},"content":{"rendered":"","protected":false},"excerpt":{"rendered":"<p>Autor: Pauls, Alan<br \/>\nEditorial: Sudamericana<br \/>\nA\u00f1o de publicaci\u00f3n:<br \/>\nN\u00famero de p\u00e1ginas:<br \/>\nI.S.B.N : 978-9500727464<\/p>\n<p>Mezcla de autobiograf\u00eda, ensayo cultural y documento imaginario, La vida descalzo es un homenaje al lugar com\u00fan donde seguimos siendo felices sin miedo. Mar, arena, sol y la euforia de estar legalmente semidesnudos: la playa sigue vendiendo virtudes de para\u00edso natural, pero esa utop\u00eda salvaje es tambi\u00e9n el objeto eminentemente cultural, pre\u00f1ado de sentidos y valores sociales, que moldean la literatura, el cine y la comunicaci\u00f3n de masas. Con un pie en la memoria personal y otro en el an\u00e1lisis cultural, Alan Pauls revisa las caras m\u00faltiples de un espacio clave de la vida moderna: la playa como experiencia \u00edntima y como estereotipo, simulacro de vida primitiva y conquista de la civilizaci\u00f3n, limbo personal y espect\u00e1culo multitudinario, teatro de erotismos privados y escenario p\u00fablico hot que carga de intensidad nuestros veranos de todos los a\u00f1os.<\/p>\n","protected":false},"featured_media":4692,"comment_status":"closed","ping_status":"closed","template":"","meta":[],"class_list":{"0":"post-2953","1":"product","2":"type-product","3":"status-publish","4":"has-post-thumbnail","6":"product_cat-narrativa-ensayo","7":"post","9":"first","10":"instock","11":"taxable","12":"shipping-taxable","13":"purchasable","14":"product-type-simple"},"_links":{"self":[{"href":"https:\/\/cienfuegos.fr\/index.php\/wp-json\/wp\/v2\/product\/2953","targetHints":{"allow":["GET"]}}],"collection":[{"href":"https:\/\/cienfuegos.fr\/index.php\/wp-json\/wp\/v2\/product"}],"about":[{"href":"https:\/\/cienfuegos.fr\/index.php\/wp-json\/wp\/v2\/types\/product"}],"replies":[{"embeddable":true,"href":"https:\/\/cienfuegos.fr\/index.php\/wp-json\/wp\/v2\/comments?post=2953"}],"wp:featuredmedia":[{"embeddable":true,"href":"https:\/\/cienfuegos.fr\/index.php\/wp-json\/wp\/v2\/media\/4692"}],"wp:attachment":[{"href":"https:\/\/cienfuegos.fr\/index.php\/wp-json\/wp\/v2\/media?parent=2953"}],"curies":[{"name":"wp","href":"https:\/\/api.w.org\/{rel}","templated":true}]}}