{"id":2949,"date":"2020-07-13T17:01:36","date_gmt":"2020-07-13T15:01:36","guid":{"rendered":"https:\/\/cienfuegos.fr\/?post_type=product&#038;p=2949"},"modified":"2020-08-01T19:30:33","modified_gmt":"2020-08-01T17:30:33","slug":"los-invertebrables-2","status":"publish","type":"product","link":"https:\/\/cienfuegos.fr\/index.php\/product\/los-invertebrables-2\/","title":{"rendered":"Los invertebrables"},"content":{"rendered":"","protected":false},"excerpt":{"rendered":"<p>Autor: Coelho, Oliverio<br \/>\nEditorial: Beatriz Viterbo<br \/>\nA\u00f1o de publicaci\u00f3n:<br \/>\nN\u00famero de p\u00e1ginas:<br \/>\nI.S.B.N : 9789508451347<\/p>\n<p>Aquel d\u00eda algo cambi\u00f3. Una leve variaci\u00f3n se ramificar\u00eda en irreversibles mutaciones&#8230; Esta es mi intenci\u00f3n, acaparar cada variante de la deformaci\u00f3n rutinaria, extender sus posibilidades en una superficie de im\u00e1genes y enlazar los v\u00e9rtices para deducir el por qu\u00e9 de la transfiguraci\u00f3n, la raz\u00f3n \u00faltima de lo humano.\u201d Tres seres disminuidos en torno al \u00fanico basti\u00f3n de memoria, la Enciclopedia, tensan una soberbia animal. El Estado, el \u00faltimo eslab\u00f3n de la ficci\u00f3n, impone las condiciones: alcanzar el manantial femenino no es un tr\u00e1mite sencillo. Partiendo de esta dificultad formal, Oliverio Coelho opera una distorsi\u00f3n delirante en el aislamiento de sus personajes. Epopeya absurda, f\u00e1bula ap\u00f3crifa sobre la metamorfosis, Los invertebrables crea su propio g\u00e9nero desde una superposici\u00f3n de tem\u00e1ticas y atm\u00f3sferas prehist\u00f3rico futuristas.<\/p>\n","protected":false},"featured_media":4688,"comment_status":"closed","ping_status":"closed","template":"","meta":[],"class_list":{"0":"post-2949","1":"product","2":"type-product","3":"status-publish","4":"has-post-thumbnail","6":"product_cat-narrativa","7":"post","9":"first","10":"instock","11":"taxable","12":"shipping-taxable","13":"purchasable","14":"product-type-simple"},"_links":{"self":[{"href":"https:\/\/cienfuegos.fr\/index.php\/wp-json\/wp\/v2\/product\/2949","targetHints":{"allow":["GET"]}}],"collection":[{"href":"https:\/\/cienfuegos.fr\/index.php\/wp-json\/wp\/v2\/product"}],"about":[{"href":"https:\/\/cienfuegos.fr\/index.php\/wp-json\/wp\/v2\/types\/product"}],"replies":[{"embeddable":true,"href":"https:\/\/cienfuegos.fr\/index.php\/wp-json\/wp\/v2\/comments?post=2949"}],"wp:featuredmedia":[{"embeddable":true,"href":"https:\/\/cienfuegos.fr\/index.php\/wp-json\/wp\/v2\/media\/4688"}],"wp:attachment":[{"href":"https:\/\/cienfuegos.fr\/index.php\/wp-json\/wp\/v2\/media?parent=2949"}],"curies":[{"name":"wp","href":"https:\/\/api.w.org\/{rel}","templated":true}]}}