{"id":2946,"date":"2020-07-13T17:01:32","date_gmt":"2020-07-13T15:01:32","guid":{"rendered":"https:\/\/cienfuegos.fr\/?post_type=product&#038;p=2946"},"modified":"2020-09-04T16:38:04","modified_gmt":"2020-09-04T14:38:04","slug":"israel-palestina-la-frontera-imposible-2","status":"publish","type":"product","link":"https:\/\/cienfuegos.fr\/index.php\/product\/israel-palestina-la-frontera-imposible-2\/","title":{"rendered":"Israel-Palestina: la frontera imposible"},"content":{"rendered":"","protected":false},"excerpt":{"rendered":"<p>Autor: Budassi, Sonia<br \/>\nEditorial: Marea<br \/>\nA\u00f1o de publicaci\u00f3n:<br \/>\nN\u00famero de p\u00e1ginas:<br \/>\nI.S.B.N : 978-987-3783-02-9<\/p>\n<p>Sonia Budassi narra en forma de cr\u00f3nica la cotidianeidad de Israel y Palestina, la frontera m\u00e1s candente de todo el mundo. Vali\u00e9ndose de J\u00f3venes de la Autoridad Nacional Palestina, viejos ex combatientes devenidos en pol\u00edticos, acad\u00e9micos, empresarios y comunicadores, la autora compone un mosaico, m\u00e1s all\u00e1 del horror, en el que las excursiones de los contingentes de latinoamericanos interesados en el conflicto son la contracara del drama humano y existencial que se vive en esa parte del planeta.<\/p>\n","protected":false},"featured_media":5446,"comment_status":"closed","ping_status":"closed","template":"","meta":[],"class_list":{"0":"post-2946","1":"product","2":"type-product","3":"status-publish","4":"has-post-thumbnail","6":"product_cat-cronica","7":"post","9":"first","10":"instock","11":"taxable","12":"shipping-taxable","13":"purchasable","14":"product-type-simple"},"_links":{"self":[{"href":"https:\/\/cienfuegos.fr\/index.php\/wp-json\/wp\/v2\/product\/2946","targetHints":{"allow":["GET"]}}],"collection":[{"href":"https:\/\/cienfuegos.fr\/index.php\/wp-json\/wp\/v2\/product"}],"about":[{"href":"https:\/\/cienfuegos.fr\/index.php\/wp-json\/wp\/v2\/types\/product"}],"replies":[{"embeddable":true,"href":"https:\/\/cienfuegos.fr\/index.php\/wp-json\/wp\/v2\/comments?post=2946"}],"wp:featuredmedia":[{"embeddable":true,"href":"https:\/\/cienfuegos.fr\/index.php\/wp-json\/wp\/v2\/media\/5446"}],"wp:attachment":[{"href":"https:\/\/cienfuegos.fr\/index.php\/wp-json\/wp\/v2\/media?parent=2946"}],"curies":[{"name":"wp","href":"https:\/\/api.w.org\/{rel}","templated":true}]}}