{"id":2944,"date":"2020-07-13T17:01:28","date_gmt":"2020-07-13T15:01:28","guid":{"rendered":"https:\/\/cienfuegos.fr\/?post_type=product&#038;p=2944"},"modified":"2020-09-08T09:13:18","modified_gmt":"2020-09-08T07:13:18","slug":"un-mar-apenas-2","status":"publish","type":"product","link":"https:\/\/cienfuegos.fr\/index.php\/product\/un-mar-apenas-2\/","title":{"rendered":"Un mar apenas"},"content":{"rendered":"","protected":false},"excerpt":{"rendered":"<p>Autor:<br \/>\nEditorial:<br \/>\nA\u00f1o de publicaci\u00f3n:<br \/>\nN\u00famero de p\u00e1ginas:<br \/>\nI.S.B.N :<\/p>\n<p>Ediciones Pontificia universidad cat\u00f3lica nA\u00f1o de publicaci\u00f3n: nN\u00famero de p\u00e1ginas: nn Edici\u00f3n numerada de 500 ejemplares. Ejemplar n\u00b0 249. Colecci\u00f3n a cargo de Ricardo Silva-Santisteban.<\/p>\n<p>&nbsp;<\/p>\n","protected":false},"featured_media":5566,"comment_status":"closed","ping_status":"closed","template":"","meta":[],"class_list":{"0":"post-2944","1":"product","2":"type-product","3":"status-publish","4":"has-post-thumbnail","6":"product_cat-poesia","7":"post","9":"first","10":"instock","11":"taxable","12":"shipping-taxable","13":"purchasable","14":"product-type-simple"},"_links":{"self":[{"href":"https:\/\/cienfuegos.fr\/index.php\/wp-json\/wp\/v2\/product\/2944","targetHints":{"allow":["GET"]}}],"collection":[{"href":"https:\/\/cienfuegos.fr\/index.php\/wp-json\/wp\/v2\/product"}],"about":[{"href":"https:\/\/cienfuegos.fr\/index.php\/wp-json\/wp\/v2\/types\/product"}],"replies":[{"embeddable":true,"href":"https:\/\/cienfuegos.fr\/index.php\/wp-json\/wp\/v2\/comments?post=2944"}],"wp:featuredmedia":[{"embeddable":true,"href":"https:\/\/cienfuegos.fr\/index.php\/wp-json\/wp\/v2\/media\/5566"}],"wp:attachment":[{"href":"https:\/\/cienfuegos.fr\/index.php\/wp-json\/wp\/v2\/media?parent=2944"}],"curies":[{"name":"wp","href":"https:\/\/api.w.org\/{rel}","templated":true}]}}