{"id":2926,"date":"2020-07-13T17:00:57","date_gmt":"2020-07-13T15:00:57","guid":{"rendered":"https:\/\/cienfuegos.fr\/?post_type=product&#038;p=2926"},"modified":"2020-08-10T12:43:55","modified_gmt":"2020-08-10T10:43:55","slug":"un-dia-feliz-2","status":"publish","type":"product","link":"https:\/\/cienfuegos.fr\/index.php\/product\/un-dia-feliz-2\/","title":{"rendered":"Un d\u00eda feliz"},"content":{"rendered":"","protected":false},"excerpt":{"rendered":"<p>Autor: Kozer, Jos\u00e9<br \/>\nEditorial: Das Kapital<br \/>\nA\u00f1o de publicaci\u00f3n:<br \/>\nN\u00famero de p\u00e1ginas:<br \/>\nI.S.B.N:<\/p>\n<p>Un d\u00eda feliz nos ofrece nuevas variaciones del gran poema de Jos\u00e9 Kozer: el testimonio de un hacer que es, m\u00e1s que todo, oficio de vivir. Una po\u00e9tica que sabe reconocerse como \u00e9tica sin forzar el discurso, el registro de un intercambio c\u00e1lido y f\u00e9rtil entre ser y mundo, que sabe hacerse sentir en el o\u00eddo y la experiencia del lector. Kozer recupera como sin querer, a media voz, el car\u00e1cter de arte mayor de la poes\u00eda, de la m\u00fasica necesaria por sobre el ruido informe de nuestras \u00e9pocas.<\/p>\n","protected":false},"featured_media":4669,"comment_status":"closed","ping_status":"closed","template":"","meta":[],"class_list":{"0":"post-2926","1":"product","2":"type-product","3":"status-publish","4":"has-post-thumbnail","6":"product_cat-poesia","7":"post","9":"first","10":"instock","11":"taxable","12":"shipping-taxable","13":"purchasable","14":"product-type-simple"},"_links":{"self":[{"href":"https:\/\/cienfuegos.fr\/index.php\/wp-json\/wp\/v2\/product\/2926","targetHints":{"allow":["GET"]}}],"collection":[{"href":"https:\/\/cienfuegos.fr\/index.php\/wp-json\/wp\/v2\/product"}],"about":[{"href":"https:\/\/cienfuegos.fr\/index.php\/wp-json\/wp\/v2\/types\/product"}],"replies":[{"embeddable":true,"href":"https:\/\/cienfuegos.fr\/index.php\/wp-json\/wp\/v2\/comments?post=2926"}],"wp:featuredmedia":[{"embeddable":true,"href":"https:\/\/cienfuegos.fr\/index.php\/wp-json\/wp\/v2\/media\/4669"}],"wp:attachment":[{"href":"https:\/\/cienfuegos.fr\/index.php\/wp-json\/wp\/v2\/media?parent=2926"}],"curies":[{"name":"wp","href":"https:\/\/api.w.org\/{rel}","templated":true}]}}