{"id":2920,"date":"2020-07-13T17:00:45","date_gmt":"2020-07-13T15:00:45","guid":{"rendered":"https:\/\/cienfuegos.fr\/?post_type=product&#038;p=2920"},"modified":"2020-08-01T21:09:12","modified_gmt":"2020-08-01T19:09:12","slug":"puerta-del-cielo-2","status":"publish","type":"product","link":"https:\/\/cienfuegos.fr\/index.php\/product\/puerta-del-cielo-2\/","title":{"rendered":"Puerta del cielo"},"content":{"rendered":"","protected":false},"excerpt":{"rendered":"<p>Autor: Okigbo, Christopher<br \/>\nEditorial: Mangos de hacha<br \/>\nA\u00f1o de publicaci\u00f3n:<br \/>\nN\u00famero de p\u00e1ginas:<br \/>\nI.S.B.N: 9786079640699<\/p>\n<p>Si bien Christopher Okigbo comenz\u00f3 a escribir poes\u00eda poco despu\u00e9s de dejar la universidad y algunos de sus poemas se publicaron en la revista universitaria The Horn, nunca fue un escritor muy prol\u00edfico: era demasiado exigente y no muy organizado. Se sent\u00eda atra\u00eddo por la obra de los poetas \u201cmodernistas\u201d europeos y norteamericanos. En la pr\u00e1ctica, Okigbo sol\u00eda a\u00f1adir fragmentos de una gran cantidad de textos de otros escritores y fuentes porque quer\u00eda hacer, precisamente, lo que Eliot y Pound hab\u00edan hecho con notoriedad: establecer un linaje y una tradici\u00f3n po\u00e9tica propia de un escritor de mundo.<\/p>\n","protected":false},"featured_media":4663,"comment_status":"closed","ping_status":"closed","template":"","meta":[],"class_list":{"0":"post-2920","1":"product","2":"type-product","3":"status-publish","4":"has-post-thumbnail","6":"product_cat-poesia","7":"post","9":"first","10":"instock","11":"taxable","12":"shipping-taxable","13":"purchasable","14":"product-type-simple"},"_links":{"self":[{"href":"https:\/\/cienfuegos.fr\/index.php\/wp-json\/wp\/v2\/product\/2920","targetHints":{"allow":["GET"]}}],"collection":[{"href":"https:\/\/cienfuegos.fr\/index.php\/wp-json\/wp\/v2\/product"}],"about":[{"href":"https:\/\/cienfuegos.fr\/index.php\/wp-json\/wp\/v2\/types\/product"}],"replies":[{"embeddable":true,"href":"https:\/\/cienfuegos.fr\/index.php\/wp-json\/wp\/v2\/comments?post=2920"}],"wp:featuredmedia":[{"embeddable":true,"href":"https:\/\/cienfuegos.fr\/index.php\/wp-json\/wp\/v2\/media\/4663"}],"wp:attachment":[{"href":"https:\/\/cienfuegos.fr\/index.php\/wp-json\/wp\/v2\/media?parent=2920"}],"curies":[{"name":"wp","href":"https:\/\/api.w.org\/{rel}","templated":true}]}}