{"id":2912,"date":"2020-07-13T17:00:28","date_gmt":"2020-07-13T15:00:28","guid":{"rendered":"https:\/\/cienfuegos.fr\/?post_type=product&#038;p=2912"},"modified":"2020-08-01T21:35:13","modified_gmt":"2020-08-01T19:35:13","slug":"aligeren-la-ocuridad-2","status":"publish","type":"product","link":"https:\/\/cienfuegos.fr\/index.php\/product\/aligeren-la-ocuridad-2\/","title":{"rendered":"Aligeren la oscuridad"},"content":{"rendered":"","protected":false},"excerpt":{"rendered":"<p>Autor: Hirsch, Edward; Serrano, Pedro<br \/>\nEditorial: La Joplin<br \/>\nA\u00f1o de publicaci\u00f3n:<br \/>\nN\u00famero de p\u00e1ginas:<br \/>\nI.S.B.N:<\/p>\n<p>Aligeren la oscuridad del poeta norteamericano Edward Hirsch con traducci\u00f3n de Pedro Serrano representa su primera antolog\u00eda en espa\u00f1ol en edici\u00f3n de bolsillo<\/p>\n","protected":false},"featured_media":4655,"comment_status":"closed","ping_status":"closed","template":"","meta":[],"class_list":{"0":"post-2912","1":"product","2":"type-product","3":"status-publish","4":"has-post-thumbnail","6":"product_cat-poesia","7":"post","9":"first","10":"instock","11":"taxable","12":"shipping-taxable","13":"purchasable","14":"product-type-simple"},"_links":{"self":[{"href":"https:\/\/cienfuegos.fr\/index.php\/wp-json\/wp\/v2\/product\/2912","targetHints":{"allow":["GET"]}}],"collection":[{"href":"https:\/\/cienfuegos.fr\/index.php\/wp-json\/wp\/v2\/product"}],"about":[{"href":"https:\/\/cienfuegos.fr\/index.php\/wp-json\/wp\/v2\/types\/product"}],"replies":[{"embeddable":true,"href":"https:\/\/cienfuegos.fr\/index.php\/wp-json\/wp\/v2\/comments?post=2912"}],"wp:featuredmedia":[{"embeddable":true,"href":"https:\/\/cienfuegos.fr\/index.php\/wp-json\/wp\/v2\/media\/4655"}],"wp:attachment":[{"href":"https:\/\/cienfuegos.fr\/index.php\/wp-json\/wp\/v2\/media?parent=2912"}],"curies":[{"name":"wp","href":"https:\/\/api.w.org\/{rel}","templated":true}]}}

<p>Autor: Hirsch, Edward; Serrano, Pedro<br />
Editorial: La Joplin<br />
Año de publicación:<br />
Número de páginas:<br />
I.S.B.N:</p>
<p>Aligeren la oscuridad del poeta norteamericano Edward Hirsch con traducción de Pedro Serrano representa su primera antología en español en edición de bolsillo</p>
