{"id":2910,"date":"2020-07-13T17:00:25","date_gmt":"2020-07-13T15:00:25","guid":{"rendered":"https:\/\/cienfuegos.fr\/?post_type=product&#038;p=2910"},"modified":"2020-08-01T21:44:09","modified_gmt":"2020-08-01T19:44:09","slug":"desubicados-2","status":"publish","type":"product","link":"https:\/\/cienfuegos.fr\/index.php\/product\/desubicados-2\/","title":{"rendered":"Desubicados"},"content":{"rendered":"","protected":false},"excerpt":{"rendered":"<p>Autor: Cristoff, Mar\u00eda Sonia<br \/>\nEditorial: Sudamericana<br \/>\nA\u00f1o de publicaci\u00f3n:<br \/>\nN\u00famero de p\u00e1ginas:<br \/>\nI.S.B.N : 9789500727747<\/p>\n<p>\u00daltimamente duermo cuando y donde puedo: veinticinco minutos en un viaje en subte; hora y cuarto en un colectivo; cuarenta minutos en la mesa esquinera de un bar \u2014con anteojos negros y tratando de quedar dignamente apoyada contra la pared, como para que no vengan a despertarme o a echarme\u2014; una o dos horas en el escritorio, abrazada al monitor; dos o tres horas en mi cama. Esta temporada de insomnio empez\u00f3 con la aparici\u00f3n de los nuevos vecinos. Se trata de dos ejemplares de la especie humana, macho y hembra, con un extra\u00f1\u00edsimo comportamiento sexual: a pesar de ser una pareja, tienen sexo cotidiano, y lo tienen siempre, absolutamente siempre, a la misma hora. A las tres de la ma\u00f1ana, m\u00e1s espec\u00edficamente. Y no exagero si digo que a la altura de mi oreja. Aunque viva en uno de esos PHs de San Telmo tan celebrados por sus paredes anchas, antiguas, la nitidez con la que me llegan los sonidos es absoluta. El primer tiempo de convivencia con este h\u00e1bito sexual de mis vecinos, debo reconocer, fue positivo. Renov\u00f3 el sexo en mi matrimonio y mi fe en el matrimonio en general. Despu\u00e9s, creo que agotado el primer mes, mi nivel de sexo y de fe volvieron a sus carriles normales. Los h\u00e1bitos de mis vecinos empezaron a resultarme primero invasivos y despu\u00e9s intolerables. Decid\u00ed que ten\u00edamos que mudarnos de cuarto, pero tal cosa no existe en los PHs de San Telmo remodelados en los que todo, salvo el ba\u00f1o y el escritorio, ha pasado a formar parte de un ambiente solo y gregario. La \u00fanica posibilidad que nos quedaba era recurrir al sof\u00e1 cama que estaba en mi escritorio. Pas\u00e9 entonces a dormir tambi\u00e9n en el lugar en el que pasaba todo el d\u00eda trabajando. Encerrada entre esas cuatro paredes estaba: d\u00eda y noche.<\/p>\n","protected":false},"featured_media":4653,"comment_status":"closed","ping_status":"closed","template":"","meta":[],"class_list":{"0":"post-2910","1":"product","2":"type-product","3":"status-publish","4":"has-post-thumbnail","6":"product_cat-prosa-no-ficcion","7":"post","9":"first","10":"instock","11":"taxable","12":"shipping-taxable","13":"purchasable","14":"product-type-simple"},"_links":{"self":[{"href":"https:\/\/cienfuegos.fr\/index.php\/wp-json\/wp\/v2\/product\/2910","targetHints":{"allow":["GET"]}}],"collection":[{"href":"https:\/\/cienfuegos.fr\/index.php\/wp-json\/wp\/v2\/product"}],"about":[{"href":"https:\/\/cienfuegos.fr\/index.php\/wp-json\/wp\/v2\/types\/product"}],"replies":[{"embeddable":true,"href":"https:\/\/cienfuegos.fr\/index.php\/wp-json\/wp\/v2\/comments?post=2910"}],"wp:featuredmedia":[{"embeddable":true,"href":"https:\/\/cienfuegos.fr\/index.php\/wp-json\/wp\/v2\/media\/4653"}],"wp:attachment":[{"href":"https:\/\/cienfuegos.fr\/index.php\/wp-json\/wp\/v2\/media?parent=2910"}],"curies":[{"name":"wp","href":"https:\/\/api.w.org\/{rel}","templated":true}]}}