{"id":2901,"date":"2020-07-13T17:00:11","date_gmt":"2020-07-13T15:00:11","guid":{"rendered":"https:\/\/cienfuegos.fr\/?post_type=product&#038;p=2901"},"modified":"2020-08-01T22:43:19","modified_gmt":"2020-08-01T20:43:19","slug":"el-lugar-de-piglia-2","status":"publish","type":"product","link":"https:\/\/cienfuegos.fr\/index.php\/product\/el-lugar-de-piglia-2\/","title":{"rendered":"El lugar de Piglia"},"content":{"rendered":"","protected":false},"excerpt":{"rendered":"<p>Autor: Carri\u00f3n, Jorge<br \/>\nEditorial: Candaya<br \/>\nA\u00f1o de publicaci\u00f3n:<br \/>\nN\u00famero de p\u00e1ginas:<br \/>\nI.S.B.N : 978-84-936007-2-3<\/p>\n<p>El lugar de Piglia. Cr\u00edtica sin ficci\u00f3n propone un recorrido por la po\u00e9tica de uno de los escritores m\u00e1s emblem\u00e1ticos de nuestra literatura actual. Adem\u00e1s de ofrecer una cuidada selecci\u00f3n de las mejores rese\u00f1as cr\u00edticas sobre la obra de Ricardo Piglia (Mart\u00ednez de Pis\u00f3n, Rodrigo Fres\u00e1n, Ignacio Echevarr\u00eda, Masoliver R\u00f3denas, Enrique Vila-Matas\u2026) este libroprofundiza en sus \u201cprecursores\u201d, en su relaci\u00f3n personal y literaria con Juan Jos\u00e9 S\u00e1er y en la fecunda influencia del cine en el imaginario pigliano. Y como en Piglia la literatura es sobre todo un arte de la conversaci\u00f3n, tres amplias entrevistas completan el retrato del autor de Respiraci\u00f3n artificial. El lugar de Piglia. Cr\u00edtica sin ficci\u00f3n ha conseguido el siempre dif\u00edcil equilibrio entre la erudici\u00f3n acad\u00e9mica y la condensaci\u00f3n period\u00edstica, entre la entrevista y el ensayo, entre el estudio y el mero placer de leer.<\/p>\n","protected":false},"featured_media":4650,"comment_status":"closed","ping_status":"closed","template":"","meta":[],"class_list":{"0":"post-2901","1":"product","2":"type-product","3":"status-publish","4":"has-post-thumbnail","6":"product_cat-estudios_literarios","7":"post","9":"first","10":"instock","11":"taxable","12":"shipping-taxable","13":"purchasable","14":"product-type-simple"},"_links":{"self":[{"href":"https:\/\/cienfuegos.fr\/index.php\/wp-json\/wp\/v2\/product\/2901","targetHints":{"allow":["GET"]}}],"collection":[{"href":"https:\/\/cienfuegos.fr\/index.php\/wp-json\/wp\/v2\/product"}],"about":[{"href":"https:\/\/cienfuegos.fr\/index.php\/wp-json\/wp\/v2\/types\/product"}],"replies":[{"embeddable":true,"href":"https:\/\/cienfuegos.fr\/index.php\/wp-json\/wp\/v2\/comments?post=2901"}],"wp:featuredmedia":[{"embeddable":true,"href":"https:\/\/cienfuegos.fr\/index.php\/wp-json\/wp\/v2\/media\/4650"}],"wp:attachment":[{"href":"https:\/\/cienfuegos.fr\/index.php\/wp-json\/wp\/v2\/media?parent=2901"}],"curies":[{"name":"wp","href":"https:\/\/api.w.org\/{rel}","templated":true}]}}